{"id":971,"date":"2026-02-25T09:17:04","date_gmt":"2026-02-25T09:17:04","guid":{"rendered":"https:\/\/portail-regions.gov.bf\/tannounyan\/?page_id=971"},"modified":"2026-02-25T09:46:35","modified_gmt":"2026-02-25T09:46:35","slug":"actualites","status":"publish","type":"page","link":"https:\/\/portail-regions.gov.bf\/tannounyan\/actualites\/","title":{"rendered":"Actualit\u00e9s"},"content":{"rendered":"\t\t<div data-elementor-type=\"wp-page\" data-elementor-id=\"971\" class=\"elementor elementor-971\" data-elementor-post-type=\"page\">\n\t\t\t\t<div data-particle_enable=\"false\" data-particle-mobile-disabled=\"false\" class=\"elementor-element elementor-element-7d35d12 e-flex e-con-boxed e-con e-parent\" data-id=\"7d35d12\" data-element_type=\"container\" data-e-type=\"container\" data-settings=\"{&quot;background_background&quot;:&quot;classic&quot;}\">\n\t\t\t\t\t<div class=\"e-con-inner\">\n\t\t\t\t<div class=\"elementor-element elementor-element-ba1a445 elementor-widget elementor-widget-heading\" data-id=\"ba1a445\" data-element_type=\"widget\" data-e-type=\"widget\" data-widget_type=\"heading.default\">\n\t\t\t\t\t<h2 class=\"elementor-heading-title elementor-size-default\">Actualit\u00e9s<\/h2>\t\t\t\t<\/div>\n\t\t\t\t<div class=\"elementor-element elementor-element-8bbb0ca elementor-widget elementor-widget-eael-breadcrumbs\" data-id=\"8bbb0ca\" data-element_type=\"widget\" data-e-type=\"widget\" data-widget_type=\"eael-breadcrumbs.default\">\n\t\t\t\t<div class=\"elementor-widget-container\">\n\t\t\t\t\t\t\t<div class=\"eael-breadcrumbs\">\n\t\t\t<div class=\"eael-breadcrumbs__content\"><a href=\"https:\/\/portail-regions.gov.bf\/tannounyan\">Accueil<\/a> <span class=\"eael-breadcrumb-separator\">\/<\/span> <span class = \"eael-current\">Page<\/span><\/div>\t\t<\/div>\n\t\t\t\t\t\t<\/div>\n\t\t\t\t<\/div>\n\t\t\t\t\t<\/div>\n\t\t\t\t<\/div>\n\t\t<div data-particle_enable=\"false\" data-particle-mobile-disabled=\"false\" class=\"elementor-element elementor-element-9870239 e-flex e-con-boxed e-con e-parent\" data-id=\"9870239\" data-element_type=\"container\" data-e-type=\"container\">\n\t\t\t\t\t<div class=\"e-con-inner\">\n\t\t\t\t<div class=\"elementor-element elementor-element-c72b4ac elementor-grid-laptop-eael-col-4 elementor-grid-tablet_extra-eael-col-3 elementor-grid-eael-col-4 elementor-grid-tablet-eael-col-2 elementor-grid-mobile-eael-col-1 elementor-widget elementor-widget-eael-post-grid\" data-id=\"c72b4ac\" data-element_type=\"widget\" data-e-type=\"widget\" data-settings=\"{&quot;eael_post_grid_columns_laptop&quot;:&quot;eael-col-4&quot;,&quot;eael_post_grid_columns_tablet_extra&quot;:&quot;eael-col-3&quot;,&quot;eael_post_grid_columns&quot;:&quot;eael-col-4&quot;,&quot;eael_post_grid_columns_tablet&quot;:&quot;eael-col-2&quot;,&quot;eael_post_grid_columns_mobile&quot;:&quot;eael-col-1&quot;}\" data-widget_type=\"eael-post-grid.default\">\n\t\t\t\t\t<div id=\"eael-post-grid-c72b4ac\" class=\"eael-post-grid-container\">\n            <div class=\"eael-post-grid eael-post-appender eael-post-appender-c72b4ac eael-post-grid-style-three\" data-layout-mode=\"masonry\"><article class=\"eael-grid-post  eael-post-grid-column eael-pg-post-1496 category-non-classe\" data-id=\"1496\">\n        <div class=\"eael-grid-post-holder\">\n            <div class=\"eael-grid-post-holder-inner\"><div class=\"eael-entry-media\"><ul class=\"post-carousel-categories\"><li><a href=\"https:\/\/portail-regions.gov.bf\/tannounyan\/category\/non-classe\/\">Actualit\u00e9<\/a><\/li><\/ul><div class=\"eael-entry-overlay fade-in\"><i class=\"fas fa-long-arrow-alt-right\" aria-hidden=\"true\"><\/i><a href=\"https:\/\/portail-regions.gov.bf\/tannounyan\/2026\/04\/02\/infrastructures-routieres-le-premier-ministre-lance-les-travaux-de-rehabilitation-des-rn7-et-rn11-a-banfora-2\/\"><\/a><\/div><div class=\"eael-entry-thumbnail \">\n                 <img fetchpriority=\"high\" decoding=\"async\" width=\"300\" height=\"225\" src=\"https:\/\/portail-regions.gov.bf\/tannounyan\/wp-content\/uploads\/2026\/04\/PM-300x225.jpg\" class=\"attachment-medium size-medium wp-image-1458\" alt=\"\" srcset=\"https:\/\/portail-regions.gov.bf\/tannounyan\/wp-content\/uploads\/2026\/04\/PM-300x225.jpg 300w, https:\/\/portail-regions.gov.bf\/tannounyan\/wp-content\/uploads\/2026\/04\/PM-1024x768.jpg 1024w, https:\/\/portail-regions.gov.bf\/tannounyan\/wp-content\/uploads\/2026\/04\/PM-768x576.jpg 768w, https:\/\/portail-regions.gov.bf\/tannounyan\/wp-content\/uploads\/2026\/04\/PM.jpg 1280w\" sizes=\"(max-width: 300px) 100vw, 300px\" \/>\n             <\/div>\n        <\/div><div class=\"eael-entry-wrapper\"><header class=\"eael-entry-header\"><h2 class=\"eael-entry-title\"><a class=\"eael-grid-post-link\" href=\"https:\/\/portail-regions.gov.bf\/tannounyan\/2026\/04\/02\/infrastructures-routieres-le-premier-ministre-lance-les-travaux-de-rehabilitation-des-rn7-et-rn11-a-banfora-2\/\" title=\"Infrastructures routi\u00e8res : Le Premier Ministre lance les travaux de r\u00e9habilitation des RN7 et RN11 \u00e0 Banfora\">Infrastructures routi\u00e8res : Le Premier Ministre lance les travaux de r\u00e9habilitation des RN7 et RN11 \u00e0 Banfora<\/a><\/h2><\/header><div class=\"eael-entry-meta\"><span class=\"eael-posted-on\"><time datetime=\"2 avril 2026\">2 avril 2026<\/time><\/span><\/div><div class=\"eael-entry-content\">\n                        <div class=\"eael-grid-post-excerpt\"><a href=\"https:\/\/portail-regions.gov.bf\/tannounyan\/2026\/04\/02\/infrastructures-routieres-le-premier-ministre-lance-les-travaux-de-rehabilitation-des-rn7-et-rn11-a-banfora-2\/\" class=\"eael-post-elements-readmore-btn\">Lire +<\/a><\/div>\n                    <\/div><\/div><\/div>\n        <\/div>\n    <\/article><article class=\"eael-grid-post  eael-post-grid-column eael-pg-post-1491 category-non-classe\" data-id=\"1491\">\n        <div class=\"eael-grid-post-holder\">\n            <div class=\"eael-grid-post-holder-inner\"><div class=\"eael-entry-media\"><ul class=\"post-carousel-categories\"><li><a href=\"https:\/\/portail-regions.gov.bf\/tannounyan\/category\/non-classe\/\">Actualit\u00e9<\/a><\/li><\/ul><div class=\"eael-entry-overlay fade-in\"><i class=\"fas fa-long-arrow-alt-right\" aria-hidden=\"true\"><\/i><a href=\"https:\/\/portail-regions.gov.bf\/tannounyan\/2026\/04\/02\/lancement-des-operations-denrolement-pour-la-carte-didentite-biometrique-de-laes-dans-les-tannounyan\/\"><\/a><\/div><div class=\"eael-entry-thumbnail \">\n                 <img decoding=\"async\" width=\"300\" height=\"123\" src=\"https:\/\/portail-regions.gov.bf\/tannounyan\/wp-content\/uploads\/2026\/04\/7-300x123.jpg\" class=\"attachment-medium size-medium wp-image-1492\" alt=\"\" srcset=\"https:\/\/portail-regions.gov.bf\/tannounyan\/wp-content\/uploads\/2026\/04\/7-300x123.jpg 300w, https:\/\/portail-regions.gov.bf\/tannounyan\/wp-content\/uploads\/2026\/04\/7-1024x419.jpg 1024w, https:\/\/portail-regions.gov.bf\/tannounyan\/wp-content\/uploads\/2026\/04\/7-768x314.jpg 768w, https:\/\/portail-regions.gov.bf\/tannounyan\/wp-content\/uploads\/2026\/04\/7-1536x629.jpg 1536w, https:\/\/portail-regions.gov.bf\/tannounyan\/wp-content\/uploads\/2026\/04\/7.jpg 2000w\" sizes=\"(max-width: 300px) 100vw, 300px\" \/>\n             <\/div>\n        <\/div><div class=\"eael-entry-wrapper\"><header class=\"eael-entry-header\"><h2 class=\"eael-entry-title\"><a class=\"eael-grid-post-link\" href=\"https:\/\/portail-regions.gov.bf\/tannounyan\/2026\/04\/02\/lancement-des-operations-denrolement-pour-la-carte-didentite-biometrique-de-laes-dans-les-tannounyan\/\" title=\"Lancement des op\u00e9rations d\u2019enr\u00f4lement pour la Carte d\u2019Identit\u00e9 Biom\u00e9trique de l&rsquo;AES dans les Tannounyan !\">Lancement des op\u00e9rations d\u2019enr\u00f4lement pour la Carte d\u2019Identit\u00e9 Biom\u00e9trique de l&rsquo;AES dans les Tannounyan !<\/a><\/h2><\/header><div class=\"eael-entry-meta\"><span class=\"eael-posted-on\"><time datetime=\"2 avril 2026\">2 avril 2026<\/time><\/span><\/div><div class=\"eael-entry-content\">\n                        <div class=\"eael-grid-post-excerpt\"><a href=\"https:\/\/portail-regions.gov.bf\/tannounyan\/2026\/04\/02\/lancement-des-operations-denrolement-pour-la-carte-didentite-biometrique-de-laes-dans-les-tannounyan\/\" class=\"eael-post-elements-readmore-btn\">Lire +<\/a><\/div>\n                    <\/div><\/div><\/div>\n        <\/div>\n    <\/article><article class=\"eael-grid-post  eael-post-grid-column eael-pg-post-1486 category-non-classe\" data-id=\"1486\">\n        <div class=\"eael-grid-post-holder\">\n            <div class=\"eael-grid-post-holder-inner\"><div class=\"eael-entry-media\"><ul class=\"post-carousel-categories\"><li><a href=\"https:\/\/portail-regions.gov.bf\/tannounyan\/category\/non-classe\/\">Actualit\u00e9<\/a><\/li><\/ul><div class=\"eael-entry-overlay fade-in\"><i class=\"fas fa-long-arrow-alt-right\" aria-hidden=\"true\"><\/i><a href=\"https:\/\/portail-regions.gov.bf\/tannounyan\/2026\/04\/02\/le-projet-de-couverture-de-750-zones-blanches-explique-dans-les-tannounyan\/\"><\/a><\/div><div class=\"eael-entry-thumbnail \">\n                 <img decoding=\"async\" width=\"300\" height=\"123\" src=\"https:\/\/portail-regions.gov.bf\/tannounyan\/wp-content\/uploads\/2026\/04\/couver-300x123.jpg\" class=\"attachment-medium size-medium wp-image-1487\" alt=\"\" srcset=\"https:\/\/portail-regions.gov.bf\/tannounyan\/wp-content\/uploads\/2026\/04\/couver-300x123.jpg 300w, https:\/\/portail-regions.gov.bf\/tannounyan\/wp-content\/uploads\/2026\/04\/couver-1024x419.jpg 1024w, https:\/\/portail-regions.gov.bf\/tannounyan\/wp-content\/uploads\/2026\/04\/couver-768x314.jpg 768w, https:\/\/portail-regions.gov.bf\/tannounyan\/wp-content\/uploads\/2026\/04\/couver-1536x629.jpg 1536w, https:\/\/portail-regions.gov.bf\/tannounyan\/wp-content\/uploads\/2026\/04\/couver.jpg 2000w\" sizes=\"(max-width: 300px) 100vw, 300px\" \/>\n             <\/div>\n        <\/div><div class=\"eael-entry-wrapper\"><header class=\"eael-entry-header\"><h2 class=\"eael-entry-title\"><a class=\"eael-grid-post-link\" href=\"https:\/\/portail-regions.gov.bf\/tannounyan\/2026\/04\/02\/le-projet-de-couverture-de-750-zones-blanches-explique-dans-les-tannounyan\/\" title=\"Le projet de couverture de 750 zones blanches expliqu\u00e9 dans les Tannounyan\">Le projet de couverture de 750 zones blanches expliqu\u00e9 dans les Tannounyan<\/a><\/h2><\/header><div class=\"eael-entry-meta\"><span class=\"eael-posted-on\"><time datetime=\"2 avril 2026\">2 avril 2026<\/time><\/span><\/div><div class=\"eael-entry-content\">\n                        <div class=\"eael-grid-post-excerpt\"><a href=\"https:\/\/portail-regions.gov.bf\/tannounyan\/2026\/04\/02\/le-projet-de-couverture-de-750-zones-blanches-explique-dans-les-tannounyan\/\" class=\"eael-post-elements-readmore-btn\">Lire +<\/a><\/div>\n                    <\/div><\/div><\/div>\n        <\/div>\n    <\/article><article class=\"eael-grid-post  eael-post-grid-column eael-pg-post-1477 category-non-classe\" data-id=\"1477\">\n        <div class=\"eael-grid-post-holder\">\n            <div class=\"eael-grid-post-holder-inner\"><div class=\"eael-entry-media\"><ul class=\"post-carousel-categories\"><li><a href=\"https:\/\/portail-regions.gov.bf\/tannounyan\/category\/non-classe\/\">Actualit\u00e9<\/a><\/li><\/ul><div class=\"eael-entry-overlay fade-in\"><i class=\"fas fa-long-arrow-alt-right\" aria-hidden=\"true\"><\/i><a href=\"https:\/\/portail-regions.gov.bf\/tannounyan\/2026\/04\/02\/securite-cest-parti-pour-police-siguignogon\/\"><\/a><\/div><div class=\"eael-entry-thumbnail \">\n                 <img loading=\"lazy\" decoding=\"async\" width=\"300\" height=\"117\" src=\"https:\/\/portail-regions.gov.bf\/tannounyan\/wp-content\/uploads\/2026\/04\/gouv-300x117.jpg\" class=\"attachment-medium size-medium wp-image-1478\" alt=\"\" srcset=\"https:\/\/portail-regions.gov.bf\/tannounyan\/wp-content\/uploads\/2026\/04\/gouv-300x117.jpg 300w, https:\/\/portail-regions.gov.bf\/tannounyan\/wp-content\/uploads\/2026\/04\/gouv-768x300.jpg 768w, https:\/\/portail-regions.gov.bf\/tannounyan\/wp-content\/uploads\/2026\/04\/gouv.jpg 1000w\" sizes=\"(max-width: 300px) 100vw, 300px\" \/>\n             <\/div>\n        <\/div><div class=\"eael-entry-wrapper\"><header class=\"eael-entry-header\"><h2 class=\"eael-entry-title\"><a class=\"eael-grid-post-link\" href=\"https:\/\/portail-regions.gov.bf\/tannounyan\/2026\/04\/02\/securite-cest-parti-pour-police-siguignogon\/\" title=\"S\u00e9curit\u00e9 : C\u2019est parti pour \u00ab Police SIGUIGNOGON\">S\u00e9curit\u00e9 : C\u2019est parti pour \u00ab Police SIGUIGNOGON<\/a><\/h2><\/header><div class=\"eael-entry-meta\"><span class=\"eael-posted-on\"><time datetime=\"2 avril 2026\">2 avril 2026<\/time><\/span><\/div><div class=\"eael-entry-content\">\n                        <div class=\"eael-grid-post-excerpt\"><a href=\"https:\/\/portail-regions.gov.bf\/tannounyan\/2026\/04\/02\/securite-cest-parti-pour-police-siguignogon\/\" class=\"eael-post-elements-readmore-btn\">Lire +<\/a><\/div>\n                    <\/div><\/div><\/div>\n        <\/div>\n    <\/article><article class=\"eael-grid-post  eael-post-grid-column eael-pg-post-1457 category-non-classe\" data-id=\"1457\">\n        <div class=\"eael-grid-post-holder\">\n            <div class=\"eael-grid-post-holder-inner\"><div class=\"eael-entry-media\"><ul class=\"post-carousel-categories\"><li><a href=\"https:\/\/portail-regions.gov.bf\/tannounyan\/category\/non-classe\/\">Actualit\u00e9<\/a><\/li><\/ul><div class=\"eael-entry-overlay fade-in\"><i class=\"fas fa-long-arrow-alt-right\" aria-hidden=\"true\"><\/i><a href=\"https:\/\/portail-regions.gov.bf\/tannounyan\/2026\/04\/02\/infrastructures-routieres-le-premier-ministre-lance-les-travaux-de-rehabilitation-des-rn7-et-rn11-a-banfora\/\"><\/a><\/div><div class=\"eael-entry-thumbnail \">\n                 <img fetchpriority=\"high\" decoding=\"async\" width=\"300\" height=\"225\" src=\"https:\/\/portail-regions.gov.bf\/tannounyan\/wp-content\/uploads\/2026\/04\/PM-300x225.jpg\" class=\"attachment-medium size-medium wp-image-1458\" alt=\"\" srcset=\"https:\/\/portail-regions.gov.bf\/tannounyan\/wp-content\/uploads\/2026\/04\/PM-300x225.jpg 300w, https:\/\/portail-regions.gov.bf\/tannounyan\/wp-content\/uploads\/2026\/04\/PM-1024x768.jpg 1024w, https:\/\/portail-regions.gov.bf\/tannounyan\/wp-content\/uploads\/2026\/04\/PM-768x576.jpg 768w, https:\/\/portail-regions.gov.bf\/tannounyan\/wp-content\/uploads\/2026\/04\/PM.jpg 1280w\" sizes=\"(max-width: 300px) 100vw, 300px\" \/>\n             <\/div>\n        <\/div><div class=\"eael-entry-wrapper\"><header class=\"eael-entry-header\"><h2 class=\"eael-entry-title\"><a class=\"eael-grid-post-link\" href=\"https:\/\/portail-regions.gov.bf\/tannounyan\/2026\/04\/02\/infrastructures-routieres-le-premier-ministre-lance-les-travaux-de-rehabilitation-des-rn7-et-rn11-a-banfora\/\" title=\"Infrastructures routi\u00e8res : Le Premier Ministre lance les travaux de r\u00e9habilitation des RN7 et RN11 \u00e0 Banfora\">Infrastructures routi\u00e8res : Le Premier Ministre lance les travaux de r\u00e9habilitation des RN7 et RN11 \u00e0 Banfora<\/a><\/h2><\/header><div class=\"eael-entry-meta\"><span class=\"eael-posted-on\"><time datetime=\"2 avril 2026\">2 avril 2026<\/time><\/span><\/div><div class=\"eael-entry-content\">\n                        <div class=\"eael-grid-post-excerpt\"><a href=\"https:\/\/portail-regions.gov.bf\/tannounyan\/2026\/04\/02\/infrastructures-routieres-le-premier-ministre-lance-les-travaux-de-rehabilitation-des-rn7-et-rn11-a-banfora\/\" class=\"eael-post-elements-readmore-btn\">Lire +<\/a><\/div>\n                    <\/div><\/div><\/div>\n        <\/div>\n    <\/article><article class=\"eael-grid-post  eael-post-grid-column eael-pg-post-339 category-non-classe\" data-id=\"339\">\n        <div class=\"eael-grid-post-holder\">\n            <div class=\"eael-grid-post-holder-inner\"><div class=\"eael-entry-media\"><ul class=\"post-carousel-categories\"><li><a href=\"https:\/\/portail-regions.gov.bf\/tannounyan\/category\/non-classe\/\">Actualit\u00e9<\/a><\/li><\/ul><div class=\"eael-entry-overlay fade-in\"><i class=\"fas fa-long-arrow-alt-right\" aria-hidden=\"true\"><\/i><a href=\"https:\/\/portail-regions.gov.bf\/tannounyan\/2025\/11\/24\/region-des-koulse-la-cartographie-des-acteurs-et-des-interventions-en-faveur-de-la-resilience-des-populations-validee\/\"><\/a><\/div><div class=\"eael-entry-thumbnail \">\n                 <img loading=\"lazy\" decoding=\"async\" width=\"300\" height=\"169\" src=\"https:\/\/portail-regions.gov.bf\/tannounyan\/wp-content\/uploads\/2026\/02\/img-art4-kulse-300x169.jpg\" class=\"attachment-medium size-medium wp-image-340\" alt=\"\" srcset=\"https:\/\/portail-regions.gov.bf\/tannounyan\/wp-content\/uploads\/2026\/02\/img-art4-kulse-300x169.jpg 300w, https:\/\/portail-regions.gov.bf\/tannounyan\/wp-content\/uploads\/2026\/02\/img-art4-kulse-1024x576.jpg 1024w, https:\/\/portail-regions.gov.bf\/tannounyan\/wp-content\/uploads\/2026\/02\/img-art4-kulse-768x432.jpg 768w, https:\/\/portail-regions.gov.bf\/tannounyan\/wp-content\/uploads\/2026\/02\/img-art4-kulse.jpg 1200w\" sizes=\"(max-width: 300px) 100vw, 300px\" \/>\n             <\/div>\n        <\/div><div class=\"eael-entry-wrapper\"><header class=\"eael-entry-header\"><h2 class=\"eael-entry-title\"><a class=\"eael-grid-post-link\" href=\"https:\/\/portail-regions.gov.bf\/tannounyan\/2025\/11\/24\/region-des-koulse-la-cartographie-des-acteurs-et-des-interventions-en-faveur-de-la-resilience-des-populations-validee\/\" title=\"R\u00e9gion des Kouls\u00e9 : La cartographie des acteurs et des interventions en faveur de la r\u00e9silience des populations valid\u00e9e\">R\u00e9gion des Kouls\u00e9 : La cartographie des acteurs et des interventions en faveur de la r\u00e9silience des populations valid\u00e9e<\/a><\/h2><\/header><div class=\"eael-entry-meta\"><span class=\"eael-posted-on\"><time datetime=\"24 novembre 2025\">24 novembre 2025<\/time><\/span><\/div><div class=\"eael-entry-content\">\n                        <div class=\"eael-grid-post-excerpt\"><a href=\"https:\/\/portail-regions.gov.bf\/tannounyan\/2025\/11\/24\/region-des-koulse-la-cartographie-des-acteurs-et-des-interventions-en-faveur-de-la-resilience-des-populations-validee\/\" class=\"eael-post-elements-readmore-btn\">Lire +<\/a><\/div>\n                    <\/div><\/div><\/div>\n        <\/div>\n    <\/article><article class=\"eael-grid-post  eael-post-grid-column eael-pg-post-351 category-non-classe\" data-id=\"351\">\n        <div class=\"eael-grid-post-holder\">\n            <div class=\"eael-grid-post-holder-inner\"><div class=\"eael-entry-media\"><ul class=\"post-carousel-categories\"><li><a href=\"https:\/\/portail-regions.gov.bf\/tannounyan\/category\/non-classe\/\">Actualit\u00e9<\/a><\/li><\/ul><div class=\"eael-entry-overlay fade-in\"><i class=\"fas fa-long-arrow-alt-right\" aria-hidden=\"true\"><\/i><a href=\"https:\/\/portail-regions.gov.bf\/tannounyan\/2025\/10\/22\/burkina-plus-de-320-hectares-de-bas-fonds-rizicoles-amenages-dans-les-zones-reconquises-des-koulse-selon-igor-birba\/\"><\/a><\/div><div class=\"eael-entry-thumbnail \">\n                 <img loading=\"lazy\" decoding=\"async\" width=\"300\" height=\"169\" src=\"https:\/\/portail-regions.gov.bf\/tannounyan\/wp-content\/uploads\/2026\/02\/img-art1-kulse-300x169.jpg\" class=\"attachment-medium size-medium wp-image-348\" alt=\"\" srcset=\"https:\/\/portail-regions.gov.bf\/tannounyan\/wp-content\/uploads\/2026\/02\/img-art1-kulse-300x169.jpg 300w, https:\/\/portail-regions.gov.bf\/tannounyan\/wp-content\/uploads\/2026\/02\/img-art1-kulse-1024x576.jpg 1024w, https:\/\/portail-regions.gov.bf\/tannounyan\/wp-content\/uploads\/2026\/02\/img-art1-kulse-768x432.jpg 768w, https:\/\/portail-regions.gov.bf\/tannounyan\/wp-content\/uploads\/2026\/02\/img-art1-kulse.jpg 1200w\" sizes=\"(max-width: 300px) 100vw, 300px\" \/>\n             <\/div>\n        <\/div><div class=\"eael-entry-wrapper\"><header class=\"eael-entry-header\"><h2 class=\"eael-entry-title\"><a class=\"eael-grid-post-link\" href=\"https:\/\/portail-regions.gov.bf\/tannounyan\/2025\/10\/22\/burkina-plus-de-320-hectares-de-bas-fonds-rizicoles-amenages-dans-les-zones-reconquises-des-koulse-selon-igor-birba\/\" title=\"Burkina\u00a0: Plus de 320 hectares de bas-fonds rizicoles am\u00e9nag\u00e9s dans les zones reconquises des Kouls\u00e9, selon Igor Birba\">Burkina\u00a0: Plus de 320 hectares de bas-fonds rizicoles am\u00e9nag\u00e9s dans les zones reconquises des Kouls\u00e9, selon Igor Birba<\/a><\/h2><\/header><div class=\"eael-entry-meta\"><span class=\"eael-posted-on\"><time datetime=\"22 octobre 2025\">22 octobre 2025<\/time><\/span><\/div><div class=\"eael-entry-content\">\n                        <div class=\"eael-grid-post-excerpt\"><a href=\"https:\/\/portail-regions.gov.bf\/tannounyan\/2025\/10\/22\/burkina-plus-de-320-hectares-de-bas-fonds-rizicoles-amenages-dans-les-zones-reconquises-des-koulse-selon-igor-birba\/\" class=\"eael-post-elements-readmore-btn\">Lire +<\/a><\/div>\n                    <\/div><\/div><\/div>\n        <\/div>\n    <\/article><article class=\"eael-grid-post  eael-post-grid-column eael-pg-post-353 category-non-classe\" data-id=\"353\">\n        <div class=\"eael-grid-post-holder\">\n            <div class=\"eael-grid-post-holder-inner\"><div class=\"eael-entry-media\"><ul class=\"post-carousel-categories\"><li><a href=\"https:\/\/portail-regions.gov.bf\/tannounyan\/category\/non-classe\/\">Actualit\u00e9<\/a><\/li><\/ul><div class=\"eael-entry-overlay fade-in\"><i class=\"fas fa-long-arrow-alt-right\" aria-hidden=\"true\"><\/i><a href=\"https:\/\/portail-regions.gov.bf\/tannounyan\/2025\/09\/25\/burkina-la-region-des-kuilse-quitte-officiellement-lairf\/\"><\/a><\/div><div class=\"eael-entry-thumbnail \">\n                 <img loading=\"lazy\" decoding=\"async\" width=\"300\" height=\"169\" src=\"https:\/\/portail-regions.gov.bf\/tannounyan\/wp-content\/uploads\/2026\/02\/img-art3-kulse-300x169.jpg\" class=\"attachment-medium size-medium wp-image-346\" alt=\"\" srcset=\"https:\/\/portail-regions.gov.bf\/tannounyan\/wp-content\/uploads\/2026\/02\/img-art3-kulse-300x169.jpg 300w, https:\/\/portail-regions.gov.bf\/tannounyan\/wp-content\/uploads\/2026\/02\/img-art3-kulse-1024x576.jpg 1024w, https:\/\/portail-regions.gov.bf\/tannounyan\/wp-content\/uploads\/2026\/02\/img-art3-kulse-768x432.jpg 768w, https:\/\/portail-regions.gov.bf\/tannounyan\/wp-content\/uploads\/2026\/02\/img-art3-kulse.jpg 1200w\" sizes=\"(max-width: 300px) 100vw, 300px\" \/>\n             <\/div>\n        <\/div><div class=\"eael-entry-wrapper\"><header class=\"eael-entry-header\"><h2 class=\"eael-entry-title\"><a class=\"eael-grid-post-link\" href=\"https:\/\/portail-regions.gov.bf\/tannounyan\/2025\/09\/25\/burkina-la-region-des-kuilse-quitte-officiellement-lairf\/\" title=\"Burkina : La r\u00e9gion des Kuils\u00e9 quitte officiellement l\u2019AIRF\">Burkina : La r\u00e9gion des Kuils\u00e9 quitte officiellement l\u2019AIRF<\/a><\/h2><\/header><div class=\"eael-entry-meta\"><span class=\"eael-posted-on\"><time datetime=\"25 septembre 2025\">25 septembre 2025<\/time><\/span><\/div><div class=\"eael-entry-content\">\n                        <div class=\"eael-grid-post-excerpt\"><a href=\"https:\/\/portail-regions.gov.bf\/tannounyan\/2025\/09\/25\/burkina-la-region-des-kuilse-quitte-officiellement-lairf\/\" class=\"eael-post-elements-readmore-btn\">Lire +<\/a><\/div>\n                    <\/div><\/div><\/div>\n        <\/div>\n    <\/article><\/div>\n            <div class=\"clearfix\"><\/div>\n        <\/div>            <div class=\"eael-load-more-button-wrap\">\n                <button class=\"eael-load-more-button\" id=\"eael-load-more-btn-c72b4ac\" data-widget-id=\"c72b4ac\" data-widget=\"c72b4ac\" data-page-id=\"971\" data-template=\"{&quot;dir&quot;:&quot;lite&quot;,&quot;file_name&quot;:&quot;three.php&quot;,&quot;name&quot;:&quot;Post-Grid&quot;}\" data-class=\"Essential_Addons_Elementor\\Elements\\Post_Grid\" data-layout=\"masonry\" data-page=\"1\" data-args=\"orderby=date&amp;order=desc&amp;ignore_sticky_posts=1&amp;post_status=publish&amp;posts_per_page=8&amp;offset=0&amp;post_type=post\" data-max-page=\"2\">\n                    <span class=\"eael-btn-loader button__loader\"><\/span>\n                    <span class=\"eael_load_more_text\">Charger plus<\/span>\n                <\/button>\n            <\/div>\n            \t\t\t\t<\/div>\n\t\t\t\t\t<\/div>\n\t\t\t\t<\/div>\n\t\t\t\t<\/div>\n\t\t","protected":false},"excerpt":{"rendered":"<p>Actualit\u00e9s Accueil \/ Page Actualit\u00e9 R\u00e9gion des Kouls\u00e9 : La cartographie des acteurs et des interventions en faveur de la r\u00e9silience des populations valid\u00e9e 24 novembre 2025 Lire + Actualit\u00e9 Burkina\u00a0: Plus de 320 hectares de bas-fonds rizicoles am\u00e9nag\u00e9s dans les zones reconquises des Kouls\u00e9, selon Igor Birba 22 octobre 2025 Lire + Actualit\u00e9 Burkina [&hellip;]<\/p>\n","protected":false},"author":1,"featured_media":0,"parent":0,"menu_order":0,"comment_status":"closed","ping_status":"closed","template":"","meta":{"footnotes":""},"class_list":["post-971","page","type-page","status-publish","hentry"],"aioseo_notices":[],"_links":{"self":[{"href":"https:\/\/portail-regions.gov.bf\/tannounyan\/wp-json\/wp\/v2\/pages\/971","targetHints":{"allow":["GET"]}}],"collection":[{"href":"https:\/\/portail-regions.gov.bf\/tannounyan\/wp-json\/wp\/v2\/pages"}],"about":[{"href":"https:\/\/portail-regions.gov.bf\/tannounyan\/wp-json\/wp\/v2\/types\/page"}],"author":[{"embeddable":true,"href":"https:\/\/portail-regions.gov.bf\/tannounyan\/wp-json\/wp\/v2\/users\/1"}],"replies":[{"embeddable":true,"href":"https:\/\/portail-regions.gov.bf\/tannounyan\/wp-json\/wp\/v2\/comments?post=971"}],"version-history":[{"count":0,"href":"https:\/\/portail-regions.gov.bf\/tannounyan\/wp-json\/wp\/v2\/pages\/971\/revisions"}],"wp:attachment":[{"href":"https:\/\/portail-regions.gov.bf\/tannounyan\/wp-json\/wp\/v2\/media?parent=971"}],"curies":[{"name":"wp","href":"https:\/\/api.w.org\/{rel}","templated":true}]}}