{"id":971,"date":"2026-02-25T09:17:04","date_gmt":"2026-02-25T09:17:04","guid":{"rendered":"https:\/\/portail-regions.gov.bf\/oubri\/?page_id=971"},"modified":"2026-02-25T09:46:35","modified_gmt":"2026-02-25T09:46:35","slug":"actualites","status":"publish","type":"page","link":"https:\/\/portail-regions.gov.bf\/oubri\/actualites\/","title":{"rendered":"Actualit\u00e9s"},"content":{"rendered":"\t\t<div data-elementor-type=\"wp-page\" data-elementor-id=\"971\" class=\"elementor elementor-971\" data-elementor-post-type=\"page\">\n\t\t\t\t<div data-particle_enable=\"false\" data-particle-mobile-disabled=\"false\" class=\"elementor-element elementor-element-7d35d12 e-flex e-con-boxed e-con e-parent\" data-id=\"7d35d12\" data-element_type=\"container\" data-e-type=\"container\" data-settings=\"{&quot;background_background&quot;:&quot;classic&quot;}\">\n\t\t\t\t\t<div class=\"e-con-inner\">\n\t\t\t\t<div class=\"elementor-element elementor-element-ba1a445 elementor-widget elementor-widget-heading\" data-id=\"ba1a445\" data-element_type=\"widget\" data-e-type=\"widget\" data-widget_type=\"heading.default\">\n\t\t\t\t\t<h2 class=\"elementor-heading-title elementor-size-default\">Actualit\u00e9s<\/h2>\t\t\t\t<\/div>\n\t\t\t\t<div class=\"elementor-element elementor-element-8bbb0ca elementor-widget elementor-widget-eael-breadcrumbs\" data-id=\"8bbb0ca\" data-element_type=\"widget\" data-e-type=\"widget\" data-widget_type=\"eael-breadcrumbs.default\">\n\t\t\t\t<div class=\"elementor-widget-container\">\n\t\t\t\t\t\t\t<div class=\"eael-breadcrumbs\">\n\t\t\t<div class=\"eael-breadcrumbs__content\"><a href=\"https:\/\/portail-regions.gov.bf\/oubri\">Accueil<\/a> <span class=\"eael-breadcrumb-separator\">\/<\/span> <span class = \"eael-current\">Page<\/span><\/div>\t\t<\/div>\n\t\t\t\t\t\t<\/div>\n\t\t\t\t<\/div>\n\t\t\t\t\t<\/div>\n\t\t\t\t<\/div>\n\t\t<div data-particle_enable=\"false\" data-particle-mobile-disabled=\"false\" class=\"elementor-element elementor-element-9870239 e-flex e-con-boxed e-con e-parent\" data-id=\"9870239\" data-element_type=\"container\" data-e-type=\"container\">\n\t\t\t\t\t<div class=\"e-con-inner\">\n\t\t\t\t<div class=\"elementor-element elementor-element-c72b4ac elementor-grid-laptop-eael-col-4 elementor-grid-tablet_extra-eael-col-3 elementor-grid-eael-col-4 elementor-grid-tablet-eael-col-2 elementor-grid-mobile-eael-col-1 elementor-widget elementor-widget-eael-post-grid\" data-id=\"c72b4ac\" data-element_type=\"widget\" data-e-type=\"widget\" data-settings=\"{&quot;eael_post_grid_columns_laptop&quot;:&quot;eael-col-4&quot;,&quot;eael_post_grid_columns_tablet_extra&quot;:&quot;eael-col-3&quot;,&quot;eael_post_grid_columns&quot;:&quot;eael-col-4&quot;,&quot;eael_post_grid_columns_tablet&quot;:&quot;eael-col-2&quot;,&quot;eael_post_grid_columns_mobile&quot;:&quot;eael-col-1&quot;}\" data-widget_type=\"eael-post-grid.default\">\n\t\t\t\t\t<div id=\"eael-post-grid-c72b4ac\" class=\"eael-post-grid-container\">\n            <div class=\"eael-post-grid eael-post-appender eael-post-appender-c72b4ac eael-post-grid-style-three\" data-layout-mode=\"masonry\"><article class=\"eael-grid-post  eael-post-grid-column eael-pg-post-351 category-non-classe\" data-id=\"351\">\n        <div class=\"eael-grid-post-holder\">\n            <div class=\"eael-grid-post-holder-inner\"><div class=\"eael-entry-media\"><ul class=\"post-carousel-categories\"><li><a href=\"https:\/\/portail-regions.gov.bf\/oubri\/category\/non-classe\/\">Actualit\u00e9<\/a><\/li><\/ul><div class=\"eael-entry-overlay fade-in\"><i class=\"fas fa-long-arrow-alt-right\" aria-hidden=\"true\"><\/i><a href=\"https:\/\/portail-regions.gov.bf\/oubri\/2026\/04\/03\/region-de-oubri-200-titres-fonciers-remis-par-la-sonatur-aux-beneficiaires-sur-le-site-de-ziniare\/\"><\/a><\/div><div class=\"eael-entry-thumbnail \">\n                 <img fetchpriority=\"high\" decoding=\"async\" width=\"300\" height=\"200\" src=\"https:\/\/portail-regions.gov.bf\/oubri\/wp-content\/uploads\/2025\/10\/IMG-20260402-WA0066-Copie-2-300x200.jpg\" class=\"attachment-medium size-medium wp-image-1551\" alt=\"\" srcset=\"https:\/\/portail-regions.gov.bf\/oubri\/wp-content\/uploads\/2025\/10\/IMG-20260402-WA0066-Copie-2-300x200.jpg 300w, https:\/\/portail-regions.gov.bf\/oubri\/wp-content\/uploads\/2025\/10\/IMG-20260402-WA0066-Copie-2-1024x683.jpg 1024w, https:\/\/portail-regions.gov.bf\/oubri\/wp-content\/uploads\/2025\/10\/IMG-20260402-WA0066-Copie-2-768x512.jpg 768w, https:\/\/portail-regions.gov.bf\/oubri\/wp-content\/uploads\/2025\/10\/IMG-20260402-WA0066-Copie-2.jpg 1080w\" sizes=\"(max-width: 300px) 100vw, 300px\" \/>\n             <\/div>\n        <\/div><div class=\"eael-entry-wrapper\"><header class=\"eael-entry-header\"><h2 class=\"eael-entry-title\"><a class=\"eael-grid-post-link\" href=\"https:\/\/portail-regions.gov.bf\/oubri\/2026\/04\/03\/region-de-oubri-200-titres-fonciers-remis-par-la-sonatur-aux-beneficiaires-sur-le-site-de-ziniare\/\" title=\"R\u00e9gion de Oubri: 200 titres fonciers remis par la SONATUR aux b\u00e9n\u00e9ficiaires sur le site de Ziniar\u00e9\">R\u00e9gion de Oubri: 200 titres fonciers remis par la SONATUR aux b\u00e9n\u00e9ficiaires sur le site de Ziniar\u00e9<\/a><\/h2><\/header><div class=\"eael-entry-meta\"><span class=\"eael-posted-on\"><time datetime=\"3 avril 2026\">3 avril 2026<\/time><\/span><\/div><div class=\"eael-entry-content\">\n                        <div class=\"eael-grid-post-excerpt\"><a href=\"https:\/\/portail-regions.gov.bf\/oubri\/2026\/04\/03\/region-de-oubri-200-titres-fonciers-remis-par-la-sonatur-aux-beneficiaires-sur-le-site-de-ziniare\/\" class=\"eael-post-elements-readmore-btn\">Lire +<\/a><\/div>\n                    <\/div><\/div><\/div>\n        <\/div>\n    <\/article><article class=\"eael-grid-post  eael-post-grid-column eael-pg-post-353 category-non-classe\" data-id=\"353\">\n        <div class=\"eael-grid-post-holder\">\n            <div class=\"eael-grid-post-holder-inner\"><div class=\"eael-entry-media\"><ul class=\"post-carousel-categories\"><li><a href=\"https:\/\/portail-regions.gov.bf\/oubri\/category\/non-classe\/\">Actualit\u00e9<\/a><\/li><\/ul><div class=\"eael-entry-overlay fade-in\"><i class=\"fas fa-long-arrow-alt-right\" aria-hidden=\"true\"><\/i><a href=\"https:\/\/portail-regions.gov.bf\/oubri\/2026\/04\/03\/gouvernorat-de-ziniare-la-premiere-phase-des-journees-nationales-dengagement-patriotique-et-de-participation-citoyennejneppc-de-la-troisieme-edition-lancee\/\"><\/a><\/div><div class=\"eael-entry-thumbnail \">\n                 <img decoding=\"async\" width=\"300\" height=\"135\" src=\"https:\/\/portail-regions.gov.bf\/oubri\/wp-content\/uploads\/2025\/09\/IMG-20260403-WA0010-300x135.jpg\" class=\"attachment-medium size-medium wp-image-1589\" alt=\"\" srcset=\"https:\/\/portail-regions.gov.bf\/oubri\/wp-content\/uploads\/2025\/09\/IMG-20260403-WA0010-300x135.jpg 300w, https:\/\/portail-regions.gov.bf\/oubri\/wp-content\/uploads\/2025\/09\/IMG-20260403-WA0010-1024x461.jpg 1024w, https:\/\/portail-regions.gov.bf\/oubri\/wp-content\/uploads\/2025\/09\/IMG-20260403-WA0010-768x346.jpg 768w, https:\/\/portail-regions.gov.bf\/oubri\/wp-content\/uploads\/2025\/09\/IMG-20260403-WA0010.jpg 1280w\" sizes=\"(max-width: 300px) 100vw, 300px\" \/>\n             <\/div>\n        <\/div><div class=\"eael-entry-wrapper\"><header class=\"eael-entry-header\"><h2 class=\"eael-entry-title\"><a class=\"eael-grid-post-link\" href=\"https:\/\/portail-regions.gov.bf\/oubri\/2026\/04\/03\/gouvernorat-de-ziniare-la-premiere-phase-des-journees-nationales-dengagement-patriotique-et-de-participation-citoyennejneppc-de-la-troisieme-edition-lancee\/\" title=\"Gouvernorat de Ziniar\u00e9 : La premi\u00e8re phase des Journ\u00e9es Nationales d&rsquo;Engagement Patriotique et de Participation Citoyenne(JNEPPC) de la troisi\u00e8me \u00e9dition lanc\u00e9e\">Gouvernorat de Ziniar\u00e9 : La premi\u00e8re phase des Journ\u00e9es Nationales d&rsquo;Engagement Patriotique et de Participation Citoyenne(JNEPPC) de la troisi\u00e8me \u00e9dition lanc\u00e9e<\/a><\/h2><\/header><div class=\"eael-entry-meta\"><span class=\"eael-posted-on\"><time datetime=\"3 avril 2026\">3 avril 2026<\/time><\/span><\/div><div class=\"eael-entry-content\">\n                        <div class=\"eael-grid-post-excerpt\"><a href=\"https:\/\/portail-regions.gov.bf\/oubri\/2026\/04\/03\/gouvernorat-de-ziniare-la-premiere-phase-des-journees-nationales-dengagement-patriotique-et-de-participation-citoyennejneppc-de-la-troisieme-edition-lancee\/\" class=\"eael-post-elements-readmore-btn\">Lire +<\/a><\/div>\n                    <\/div><\/div><\/div>\n        <\/div>\n    <\/article><article class=\"eael-grid-post  eael-post-grid-column eael-pg-post-345 category-non-classe\" data-id=\"345\">\n        <div class=\"eael-grid-post-holder\">\n            <div class=\"eael-grid-post-holder-inner\"><div class=\"eael-entry-media\"><ul class=\"post-carousel-categories\"><li><a href=\"https:\/\/portail-regions.gov.bf\/oubri\/category\/non-classe\/\">Actualit\u00e9<\/a><\/li><\/ul><div class=\"eael-entry-overlay fade-in\"><i class=\"fas fa-long-arrow-alt-right\" aria-hidden=\"true\"><\/i><a href=\"https:\/\/portail-regions.gov.bf\/oubri\/2026\/04\/03\/region-de-oubri-une-ambulance-medicalisee-flambant-neuve-remise-au-centre-hospitalier-universitaire-regional-de-ziniarechur-znr-par-la-delegation-speciale-regionale\/\"><\/a><\/div><div class=\"eael-entry-thumbnail \">\n                 <img decoding=\"async\" width=\"300\" height=\"200\" src=\"https:\/\/portail-regions.gov.bf\/oubri\/wp-content\/uploads\/2025\/09\/IMG-20260402-WA0011-300x200.jpg\" class=\"attachment-medium size-medium wp-image-1484\" alt=\"\" srcset=\"https:\/\/portail-regions.gov.bf\/oubri\/wp-content\/uploads\/2025\/09\/IMG-20260402-WA0011-300x200.jpg 300w, https:\/\/portail-regions.gov.bf\/oubri\/wp-content\/uploads\/2025\/09\/IMG-20260402-WA0011-1024x683.jpg 1024w, https:\/\/portail-regions.gov.bf\/oubri\/wp-content\/uploads\/2025\/09\/IMG-20260402-WA0011-768x512.jpg 768w, https:\/\/portail-regions.gov.bf\/oubri\/wp-content\/uploads\/2025\/09\/IMG-20260402-WA0011.jpg 1080w\" sizes=\"(max-width: 300px) 100vw, 300px\" \/>\n             <\/div>\n        <\/div><div class=\"eael-entry-wrapper\"><header class=\"eael-entry-header\"><h2 class=\"eael-entry-title\"><a class=\"eael-grid-post-link\" href=\"https:\/\/portail-regions.gov.bf\/oubri\/2026\/04\/03\/region-de-oubri-une-ambulance-medicalisee-flambant-neuve-remise-au-centre-hospitalier-universitaire-regional-de-ziniarechur-znr-par-la-delegation-speciale-regionale\/\" title=\"R\u00e9gion de Oubri\u00a0: une ambulance m\u00e9dicalis\u00e9e flambant neuve remise au Centre Hospitalier  Universitaire R\u00e9gional de Ziniar\u00e9(CHUR\/Znr) par la D\u00e9l\u00e9gation Sp\u00e9ciale R\u00e9gionale\">R\u00e9gion de Oubri\u00a0: une ambulance m\u00e9dicalis\u00e9e flambant neuve remise au Centre Hospitalier  Universitaire R\u00e9gional de Ziniar\u00e9(CHUR\/Znr) par la D\u00e9l\u00e9gation Sp\u00e9ciale R\u00e9gionale<\/a><\/h2><\/header><div class=\"eael-entry-meta\"><span class=\"eael-posted-on\"><time datetime=\"3 avril 2026\">3 avril 2026<\/time><\/span><\/div><div class=\"eael-entry-content\">\n                        <div class=\"eael-grid-post-excerpt\"><a href=\"https:\/\/portail-regions.gov.bf\/oubri\/2026\/04\/03\/region-de-oubri-une-ambulance-medicalisee-flambant-neuve-remise-au-centre-hospitalier-universitaire-regional-de-ziniarechur-znr-par-la-delegation-speciale-regionale\/\" class=\"eael-post-elements-readmore-btn\">Lire +<\/a><\/div>\n                    <\/div><\/div><\/div>\n        <\/div>\n    <\/article><article class=\"eael-grid-post  eael-post-grid-column eael-pg-post-339 category-non-classe\" data-id=\"339\">\n        <div class=\"eael-grid-post-holder\">\n            <div class=\"eael-grid-post-holder-inner\"><div class=\"eael-entry-wrapper\"><header class=\"eael-entry-header\"><h2 class=\"eael-entry-title\"><a class=\"eael-grid-post-link\" href=\"https:\/\/portail-regions.gov.bf\/oubri\/2026\/04\/02\/region-des-koulse-la-cartographie-des-acteurs-et-des-interventions-en-faveur-de-la-resilience-des-populations-validee\/\" title=\"R\u00e9gion de Oubri:  Premi\u00e8re Session Ordinaire du Cadre R\u00e9gionale de Dialogue\">R\u00e9gion de Oubri:  Premi\u00e8re Session Ordinaire du Cadre R\u00e9gionale de Dialogue<\/a><\/h2><\/header><div class=\"eael-entry-meta\"><span class=\"eael-posted-on\"><time datetime=\"2 avril 2026\">2 avril 2026<\/time><\/span><\/div><div class=\"eael-entry-content\">\n                        <div class=\"eael-grid-post-excerpt\"><a href=\"https:\/\/portail-regions.gov.bf\/oubri\/2026\/04\/02\/region-des-koulse-la-cartographie-des-acteurs-et-des-interventions-en-faveur-de-la-resilience-des-populations-validee\/\" class=\"eael-post-elements-readmore-btn\">Lire +<\/a><\/div>\n                    <\/div><\/div><\/div>\n        <\/div>\n    <\/article><\/div>\n            <div class=\"clearfix\"><\/div>\n        <\/div>\t\t\t\t<\/div>\n\t\t\t\t\t<\/div>\n\t\t\t\t<\/div>\n\t\t\t\t<\/div>\n\t\t","protected":false},"excerpt":{"rendered":"<p>Actualit\u00e9s Accueil \/ Page Actualit\u00e9 R\u00e9gion des Kouls\u00e9 : La cartographie des acteurs et des interventions en faveur de la r\u00e9silience des populations valid\u00e9e 24 novembre 2025 Lire + Actualit\u00e9 Burkina\u00a0: Plus de 320 hectares de bas-fonds rizicoles am\u00e9nag\u00e9s dans les zones reconquises des Kouls\u00e9, selon Igor Birba 22 octobre 2025 Lire + Actualit\u00e9 Burkina [&hellip;]<\/p>\n","protected":false},"author":1,"featured_media":0,"parent":0,"menu_order":0,"comment_status":"closed","ping_status":"closed","template":"","meta":{"footnotes":""},"class_list":["post-971","page","type-page","status-publish","hentry"],"aioseo_notices":[],"_links":{"self":[{"href":"https:\/\/portail-regions.gov.bf\/oubri\/wp-json\/wp\/v2\/pages\/971","targetHints":{"allow":["GET"]}}],"collection":[{"href":"https:\/\/portail-regions.gov.bf\/oubri\/wp-json\/wp\/v2\/pages"}],"about":[{"href":"https:\/\/portail-regions.gov.bf\/oubri\/wp-json\/wp\/v2\/types\/page"}],"author":[{"embeddable":true,"href":"https:\/\/portail-regions.gov.bf\/oubri\/wp-json\/wp\/v2\/users\/1"}],"replies":[{"embeddable":true,"href":"https:\/\/portail-regions.gov.bf\/oubri\/wp-json\/wp\/v2\/comments?post=971"}],"version-history":[{"count":0,"href":"https:\/\/portail-regions.gov.bf\/oubri\/wp-json\/wp\/v2\/pages\/971\/revisions"}],"wp:attachment":[{"href":"https:\/\/portail-regions.gov.bf\/oubri\/wp-json\/wp\/v2\/media?parent=971"}],"curies":[{"name":"wp","href":"https:\/\/api.w.org\/{rel}","templated":true}]}}