{"id":971,"date":"2026-02-25T09:17:04","date_gmt":"2026-02-25T09:17:04","guid":{"rendered":"https:\/\/portail-regions.gov.bf\/nazinon\/?page_id=971"},"modified":"2026-02-25T09:46:35","modified_gmt":"2026-02-25T09:46:35","slug":"actualites","status":"publish","type":"page","link":"https:\/\/portail-regions.gov.bf\/nazinon\/actualites\/","title":{"rendered":"Actualit\u00e9s"},"content":{"rendered":"\t\t<div data-elementor-type=\"wp-page\" data-elementor-id=\"971\" class=\"elementor elementor-971\" data-elementor-post-type=\"page\">\n\t\t\t\t<div data-particle_enable=\"false\" data-particle-mobile-disabled=\"false\" class=\"elementor-element elementor-element-7d35d12 e-flex e-con-boxed e-con e-parent\" data-id=\"7d35d12\" data-element_type=\"container\" data-e-type=\"container\" data-settings=\"{&quot;background_background&quot;:&quot;classic&quot;}\">\n\t\t\t\t\t<div class=\"e-con-inner\">\n\t\t\t\t<div class=\"elementor-element elementor-element-ba1a445 elementor-widget elementor-widget-heading\" data-id=\"ba1a445\" data-element_type=\"widget\" data-e-type=\"widget\" data-widget_type=\"heading.default\">\n\t\t\t\t\t<h2 class=\"elementor-heading-title elementor-size-default\">Actualit\u00e9s<\/h2>\t\t\t\t<\/div>\n\t\t\t\t<div class=\"elementor-element elementor-element-8bbb0ca elementor-widget elementor-widget-eael-breadcrumbs\" data-id=\"8bbb0ca\" data-element_type=\"widget\" data-e-type=\"widget\" data-widget_type=\"eael-breadcrumbs.default\">\n\t\t\t\t<div class=\"elementor-widget-container\">\n\t\t\t\t\t\t\t<div class=\"eael-breadcrumbs\">\n\t\t\t<div class=\"eael-breadcrumbs__content\"><a href=\"https:\/\/portail-regions.gov.bf\/nazinon\">Accueil<\/a> <span class=\"eael-breadcrumb-separator\">\/<\/span> <span class = \"eael-current\">Page<\/span><\/div>\t\t<\/div>\n\t\t\t\t\t\t<\/div>\n\t\t\t\t<\/div>\n\t\t\t\t\t<\/div>\n\t\t\t\t<\/div>\n\t\t<div data-particle_enable=\"false\" data-particle-mobile-disabled=\"false\" class=\"elementor-element elementor-element-9870239 e-flex e-con-boxed e-con e-parent\" data-id=\"9870239\" data-element_type=\"container\" data-e-type=\"container\">\n\t\t\t\t\t<div class=\"e-con-inner\">\n\t\t\t\t<div class=\"elementor-element elementor-element-c72b4ac elementor-grid-laptop-eael-col-4 elementor-grid-tablet_extra-eael-col-3 elementor-grid-eael-col-4 elementor-grid-tablet-eael-col-2 elementor-grid-mobile-eael-col-1 elementor-widget elementor-widget-eael-post-grid\" data-id=\"c72b4ac\" data-element_type=\"widget\" data-e-type=\"widget\" data-settings=\"{&quot;eael_post_grid_columns_laptop&quot;:&quot;eael-col-4&quot;,&quot;eael_post_grid_columns_tablet_extra&quot;:&quot;eael-col-3&quot;,&quot;eael_post_grid_columns&quot;:&quot;eael-col-4&quot;,&quot;eael_post_grid_columns_tablet&quot;:&quot;eael-col-2&quot;,&quot;eael_post_grid_columns_mobile&quot;:&quot;eael-col-1&quot;}\" data-widget_type=\"eael-post-grid.default\">\n\t\t\t\t\t<div id=\"eael-post-grid-c72b4ac\" class=\"eael-post-grid-container\">\n            <div class=\"eael-post-grid eael-post-appender eael-post-appender-c72b4ac eael-post-grid-style-three\" data-layout-mode=\"masonry\"><article class=\"eael-grid-post  eael-post-grid-column eael-pg-post-1531 category-non-classe\" data-id=\"1531\">\n        <div class=\"eael-grid-post-holder\">\n            <div class=\"eael-grid-post-holder-inner\"><div class=\"eael-entry-media\"><ul class=\"post-carousel-categories\"><li><a href=\"https:\/\/portail-regions.gov.bf\/nazinon\/category\/non-classe\/\">Actualit\u00e9<\/a><\/li><\/ul><div class=\"eael-entry-overlay fade-in\"><i class=\"fas fa-long-arrow-alt-right\" aria-hidden=\"true\"><\/i><a href=\"https:\/\/portail-regions.gov.bf\/nazinon\/%f0%9d%90%91%f0%9d%90%9e%f0%9d%90%a0%f0%9d%90%a2%f0%9d%90%a8%f0%9d%90%a7-%f0%9d%90%9d%f0%9d%90%ae-%f0%9d%90%8d%f0%9d%90%9a%f0%9d%90%b3%f0%9d%90%a2%f0%9d%90%a7%f0%9d%90%a8%f0%9d%90%a7\/\"><\/a><\/div><div class=\"eael-entry-thumbnail \">\n                 <img decoding=\"async\" width=\"159\" height=\"300\" src=\"https:\/\/portail-regions.gov.bf\/nazinon\/wp-content\/uploads\/2026\/04\/652891881_1273918548251661_8346791180440736733_n-159x300.jpg\" class=\"attachment-medium size-medium wp-image-1533\" alt=\"\" srcset=\"https:\/\/portail-regions.gov.bf\/nazinon\/wp-content\/uploads\/2026\/04\/652891881_1273918548251661_8346791180440736733_n-159x300.jpg 159w, https:\/\/portail-regions.gov.bf\/nazinon\/wp-content\/uploads\/2026\/04\/652891881_1273918548251661_8346791180440736733_n-544x1024.jpg 544w, https:\/\/portail-regions.gov.bf\/nazinon\/wp-content\/uploads\/2026\/04\/652891881_1273918548251661_8346791180440736733_n-768x1447.jpg 768w, https:\/\/portail-regions.gov.bf\/nazinon\/wp-content\/uploads\/2026\/04\/652891881_1273918548251661_8346791180440736733_n-815x1536.jpg 815w, https:\/\/portail-regions.gov.bf\/nazinon\/wp-content\/uploads\/2026\/04\/652891881_1273918548251661_8346791180440736733_n.jpg 1087w\" sizes=\"(max-width: 159px) 100vw, 159px\" \/>\n             <\/div>\n        <\/div><div class=\"eael-entry-wrapper\"><header class=\"eael-entry-header\"><h2 class=\"eael-entry-title\"><a class=\"eael-grid-post-link\" href=\"https:\/\/portail-regions.gov.bf\/nazinon\/%f0%9d%90%91%f0%9d%90%9e%f0%9d%90%a0%f0%9d%90%a2%f0%9d%90%a8%f0%9d%90%a7-%f0%9d%90%9d%f0%9d%90%ae-%f0%9d%90%8d%f0%9d%90%9a%f0%9d%90%b3%f0%9d%90%a2%f0%9d%90%a7%f0%9d%90%a8%f0%9d%90%a7\/\" title=\"\ud835\udc11\ud835\udc1e\u0301\ud835\udc20\ud835\udc22\ud835\udc28\ud835\udc27 \ud835\udc1d\ud835\udc2e \ud835\udc0d\ud835\udc1a\ud835\udc33\ud835\udc22\ud835\udc27\ud835\udc28\ud835\udc27 : \ud835\udc0c\ud835\udc26\ud835\udc1e \ud835\udc00\ud835\udc26\ud835\udc22\ud835\udc27\ud835\udc1a\ud835\udc2d\ud835\udc1a \ud835\udc12\ud835\udc08\ud835\udc12\ud835\udc12\ud835\udc0e\ud835\udc0a\ud835\udc0e \ud835\udc29\ud835\udc2b\ud835\udc1e\ud835\udc27\ud835\udc1d \ud835\udc25\ud835\udc1e\ud835\udc2c \ud835\udc2b\ud835\udc1e\u0302\ud835\udc27\ud835\udc1e\ud835\udc2c \ud835\udc1d\ud835\udc1e \ud835\udc25\ud835\udc1a \ud835\udc03\ud835\udc22\ud835\udc2b\ud835\udc1e\ud835\udc1c\ud835\udc2d\ud835\udc22\ud835\udc28\ud835\udc27 \ud835\udc2b\ud835\udc1e\u0301\ud835\udc20\ud835\udc22\ud835\udc28\ud835\udc27\ud835\udc1a\ud835\udc25\ud835\udc1e \ud835\udc1d\ud835\udc1e\ud835\udc2c \ud835\udc12\ud835\udc29\ud835\udc28\ud835\udc2b\ud835\udc2d\ud835\udc2c, \ud835\udc1d\ud835\udc1e \ud835\udc25\ud835\udc1a \ud835\udc09\ud835\udc1e\ud835\udc2e\ud835\udc27\ud835\udc1e\ud835\udc2c\ud835\udc2c\ud835\udc1e \ud835\udc1e\ud835\udc2d \ud835\udc1d\ud835\udc1e \ud835\udc25&rsquo;\ud835\udc04\ud835\udc26\ud835\udc29\ud835\udc25\ud835\udc28\ud835\udc22\">\ud835\udc11\ud835\udc1e\u0301\ud835\udc20\ud835\udc22\ud835\udc28\ud835\udc27 \ud835\udc1d\ud835\udc2e \ud835\udc0d\ud835\udc1a\ud835\udc33\ud835\udc22\ud835\udc27\ud835\udc28\ud835\udc27 : \ud835\udc0c\ud835\udc26\ud835\udc1e \ud835\udc00\ud835\udc26\ud835\udc22\ud835\udc27\ud835\udc1a\ud835\udc2d\ud835\udc1a \ud835\udc12\ud835\udc08\ud835\udc12\ud835\udc12\ud835\udc0e\ud835\udc0a\ud835\udc0e \ud835\udc29\ud835\udc2b\ud835\udc1e\ud835\udc27\ud835\udc1d \ud835\udc25\ud835\udc1e\ud835\udc2c \ud835\udc2b\ud835\udc1e\u0302\ud835\udc27\ud835\udc1e\ud835\udc2c \ud835\udc1d\ud835\udc1e \ud835\udc25\ud835\udc1a \ud835\udc03\ud835\udc22\ud835\udc2b\ud835\udc1e\ud835\udc1c\ud835\udc2d\ud835\udc22\ud835\udc28\ud835\udc27 \ud835\udc2b\ud835\udc1e\u0301\ud835\udc20\ud835\udc22\ud835\udc28\ud835\udc27\ud835\udc1a\ud835\udc25\ud835\udc1e \ud835\udc1d\ud835\udc1e\ud835\udc2c \ud835\udc12\ud835\udc29\ud835\udc28\ud835\udc2b\ud835\udc2d\ud835\udc2c, \ud835\udc1d\ud835\udc1e \ud835\udc25\ud835\udc1a \ud835\udc09\ud835\udc1e\ud835\udc2e\ud835\udc27\ud835\udc1e\ud835\udc2c\ud835\udc2c\ud835\udc1e \ud835\udc1e\ud835\udc2d \ud835\udc1d\ud835\udc1e \ud835\udc25&rsquo;\ud835\udc04\ud835\udc26\ud835\udc29\ud835\udc25\ud835\udc28\ud835\udc22<\/a><\/h2><\/header><div class=\"eael-entry-meta\"><span class=\"eael-posted-on\"><time datetime=\"1 avril 2026\">1 avril 2026<\/time><\/span><\/div><div class=\"eael-entry-content\">\n                        <div class=\"eael-grid-post-excerpt\"><a href=\"https:\/\/portail-regions.gov.bf\/nazinon\/%f0%9d%90%91%f0%9d%90%9e%f0%9d%90%a0%f0%9d%90%a2%f0%9d%90%a8%f0%9d%90%a7-%f0%9d%90%9d%f0%9d%90%ae-%f0%9d%90%8d%f0%9d%90%9a%f0%9d%90%b3%f0%9d%90%a2%f0%9d%90%a7%f0%9d%90%a8%f0%9d%90%a7\/\" class=\"eael-post-elements-readmore-btn\">Lire +<\/a><\/div>\n                    <\/div><\/div><\/div>\n        <\/div>\n    <\/article><article class=\"eael-grid-post  eael-post-grid-column eael-pg-post-1526 category-non-classe\" data-id=\"1526\">\n        <div class=\"eael-grid-post-holder\">\n            <div class=\"eael-grid-post-holder-inner\"><div class=\"eael-entry-media\"><ul class=\"post-carousel-categories\"><li><a href=\"https:\/\/portail-regions.gov.bf\/nazinon\/category\/non-classe\/\">Actualit\u00e9<\/a><\/li><\/ul><div class=\"eael-entry-overlay fade-in\"><i class=\"fas fa-long-arrow-alt-right\" aria-hidden=\"true\"><\/i><a href=\"https:\/\/portail-regions.gov.bf\/nazinon\/%f0%9d%90%8c%f0%9d%90%8e%f0%9d%90%8d%f0%9d%90%93%f0%9d%90%84%f0%9d%90%84-%f0%9d%90%93%f0%9d%90%8e%f0%9d%90%94%f0%9d%90%91%f0%9d%90%8d%f0%9d%90%80%f0%9d%90%8d%f0%9d%90%93%f0%9d%90%84-%f0%9d%90%83\/\"><\/a><\/div><div class=\"eael-entry-thumbnail \">\n                 <img fetchpriority=\"high\" decoding=\"async\" width=\"300\" height=\"195\" src=\"https:\/\/portail-regions.gov.bf\/nazinon\/wp-content\/uploads\/2026\/04\/646541381_1263293309314185_6416511529397672740_n-300x195.jpg\" class=\"attachment-medium size-medium wp-image-1529\" alt=\"\" srcset=\"https:\/\/portail-regions.gov.bf\/nazinon\/wp-content\/uploads\/2026\/04\/646541381_1263293309314185_6416511529397672740_n-300x195.jpg 300w, https:\/\/portail-regions.gov.bf\/nazinon\/wp-content\/uploads\/2026\/04\/646541381_1263293309314185_6416511529397672740_n-1024x666.jpg 1024w, https:\/\/portail-regions.gov.bf\/nazinon\/wp-content\/uploads\/2026\/04\/646541381_1263293309314185_6416511529397672740_n-768x500.jpg 768w, https:\/\/portail-regions.gov.bf\/nazinon\/wp-content\/uploads\/2026\/04\/646541381_1263293309314185_6416511529397672740_n-1536x999.jpg 1536w, https:\/\/portail-regions.gov.bf\/nazinon\/wp-content\/uploads\/2026\/04\/646541381_1263293309314185_6416511529397672740_n.jpg 2048w\" sizes=\"(max-width: 300px) 100vw, 300px\" \/>\n             <\/div>\n        <\/div><div class=\"eael-entry-wrapper\"><header class=\"eael-entry-header\"><h2 class=\"eael-entry-title\"><a class=\"eael-grid-post-link\" href=\"https:\/\/portail-regions.gov.bf\/nazinon\/%f0%9d%90%8c%f0%9d%90%8e%f0%9d%90%8d%f0%9d%90%93%f0%9d%90%84%f0%9d%90%84-%f0%9d%90%93%f0%9d%90%8e%f0%9d%90%94%f0%9d%90%91%f0%9d%90%8d%f0%9d%90%80%f0%9d%90%8d%f0%9d%90%93%f0%9d%90%84-%f0%9d%90%83\/\" title=\"\ud835\udc0c\ud835\udc0e\ud835\udc0d\ud835\udc13\ud835\udc04\ud835\udc04 \ud835\udc13\ud835\udc0e\ud835\udc14\ud835\udc11\ud835\udc0d\ud835\udc00\ud835\udc0d\ud835\udc13\ud835\udc04 \ud835\udc03\ud835\udc04\ud835\udc12 \ud835\udc02\ud835\udc0e\ud835\udc14\ud835\udc0b\ud835\udc04\ud835\udc14\ud835\udc11\ud835\udc12 \ud835\udc0d\ud835\udc00\ud835\udc13\ud835\udc08\ud835\udc0e\ud835\udc0d\ud835\udc00\ud835\udc0b\ud835\udc04\ud835\udc12 \ud835\udc03\ud835\udc00\ud835\udc0d\ud835\udc12 \ud835\udc0b\ud835\udc04 \ud835\udc0d\ud835\udc00\ud835\udc19\ud835\udc08\ud835\udc0d\ud835\udc0e\ud835\udc0d : \ud835\udc0b\ud835\udc04 \ud835\udc06\ud835\udc0e\ud835\udc14\ud835\udc15\ud835\udc04\ud835\udc11\ud835\udc0d\ud835\udc04\ud835\udc14\ud835\udc11 \ud835\udc0b\ud835\udc00\ud835\udc0d\ud835\udc02\ud835\udc04 \ud835\udc0b\ud835\udc04 \ud835\udc0c\ud835\udc0e\ud835\udc08\ud835\udc12 \ud835\udc03\ud835\udc04 \ud835\udc0b\u2019\ud835\udc04\ud835\udc17\ud835\udc04\ud835\udc0c\ud835\udc0f\ud835\udc0b\ud835\udc00\ud835\udc11\ud835\udc08\ud835\udc13\ud835\udc04 \ud835\udc05\ud835\udc08\ud835\udc12\ud835\udc02\ud835\udc00\ud835\udc0b\ud835\udc04\">\ud835\udc0c\ud835\udc0e\ud835\udc0d\ud835\udc13\ud835\udc04\ud835\udc04 \ud835\udc13\ud835\udc0e\ud835\udc14\ud835\udc11\ud835\udc0d\ud835\udc00\ud835\udc0d\ud835\udc13\ud835\udc04 \ud835\udc03\ud835\udc04\ud835\udc12 \ud835\udc02\ud835\udc0e\ud835\udc14\ud835\udc0b\ud835\udc04\ud835\udc14\ud835\udc11\ud835\udc12 \ud835\udc0d\ud835\udc00\ud835\udc13\ud835\udc08\ud835\udc0e\ud835\udc0d\ud835\udc00\ud835\udc0b\ud835\udc04\ud835\udc12 \ud835\udc03\ud835\udc00\ud835\udc0d\ud835\udc12 \ud835\udc0b\ud835\udc04 \ud835\udc0d\ud835\udc00\ud835\udc19\ud835\udc08\ud835\udc0d\ud835\udc0e\ud835\udc0d : \ud835\udc0b\ud835\udc04 \ud835\udc06\ud835\udc0e\ud835\udc14\ud835\udc15\ud835\udc04\ud835\udc11\ud835\udc0d\ud835\udc04\ud835\udc14\ud835\udc11 \ud835\udc0b\ud835\udc00\ud835\udc0d\ud835\udc02\ud835\udc04 \ud835\udc0b\ud835\udc04 \ud835\udc0c\ud835\udc0e\ud835\udc08\ud835\udc12 \ud835\udc03\ud835\udc04 \ud835\udc0b\u2019\ud835\udc04\ud835\udc17\ud835\udc04\ud835\udc0c\ud835\udc0f\ud835\udc0b\ud835\udc00\ud835\udc11\ud835\udc08\ud835\udc13\ud835\udc04 \ud835\udc05\ud835\udc08\ud835\udc12\ud835\udc02\ud835\udc00\ud835\udc0b\ud835\udc04<\/a><\/h2><\/header><div class=\"eael-entry-meta\"><span class=\"eael-posted-on\"><time datetime=\"1 avril 2026\">1 avril 2026<\/time><\/span><\/div><div class=\"eael-entry-content\">\n                        <div class=\"eael-grid-post-excerpt\"><a href=\"https:\/\/portail-regions.gov.bf\/nazinon\/%f0%9d%90%8c%f0%9d%90%8e%f0%9d%90%8d%f0%9d%90%93%f0%9d%90%84%f0%9d%90%84-%f0%9d%90%93%f0%9d%90%8e%f0%9d%90%94%f0%9d%90%91%f0%9d%90%8d%f0%9d%90%80%f0%9d%90%8d%f0%9d%90%93%f0%9d%90%84-%f0%9d%90%83\/\" class=\"eael-post-elements-readmore-btn\">Lire +<\/a><\/div>\n                    <\/div><\/div><\/div>\n        <\/div>\n    <\/article><article class=\"eael-grid-post  eael-post-grid-column eael-pg-post-1503 category-non-classe\" data-id=\"1503\">\n        <div class=\"eael-grid-post-holder\">\n            <div class=\"eael-grid-post-holder-inner\"><div class=\"eael-entry-media\"><ul class=\"post-carousel-categories\"><li><a href=\"https:\/\/portail-regions.gov.bf\/nazinon\/category\/non-classe\/\">Actualit\u00e9<\/a><\/li><\/ul><div class=\"eael-entry-overlay fade-in\"><i class=\"fas fa-long-arrow-alt-right\" aria-hidden=\"true\"><\/i><a href=\"https:\/\/portail-regions.gov.bf\/nazinon\/%f0%9d%97%a5%f0%9d%97%b2%f0%9d%97%b4%f0%9d%97%b6%f0%9d%97%bc%f0%9d%97%bb-%f0%9d%97%b1%f0%9d%98%82-%f0%9d%97%a1%f0%9d%97%ae%f0%9d%98%87%f0%9d%97%b6%f0%9d%97%bb%f0%9d%97%bc%f0%9d%97%bb\/\"><\/a><\/div><div class=\"eael-entry-thumbnail \">\n                 <img decoding=\"async\" width=\"159\" height=\"300\" src=\"https:\/\/portail-regions.gov.bf\/nazinon\/wp-content\/uploads\/2026\/03\/Industrie.jpg\" class=\"attachment-medium size-medium wp-image-1507\" alt=\"\" \/>\n             <\/div>\n        <\/div><div class=\"eael-entry-wrapper\"><header class=\"eael-entry-header\"><h2 class=\"eael-entry-title\"><a class=\"eael-grid-post-link\" href=\"https:\/\/portail-regions.gov.bf\/nazinon\/%f0%9d%97%a5%f0%9d%97%b2%f0%9d%97%b4%f0%9d%97%b6%f0%9d%97%bc%f0%9d%97%bb-%f0%9d%97%b1%f0%9d%98%82-%f0%9d%97%a1%f0%9d%97%ae%f0%9d%98%87%f0%9d%97%b6%f0%9d%97%bb%f0%9d%97%bc%f0%9d%97%bb\/\" title=\"\ud835\udde5\ud835\uddf2\u0301\ud835\uddf4\ud835\uddf6\ud835\uddfc\ud835\uddfb \ud835\uddf1\ud835\ude02 \ud835\udde1\ud835\uddee\ud835\ude07\ud835\uddf6\ud835\uddfb\ud835\uddfc\ud835\uddfb: \ud835\ude01\ud835\uddf2\ud835\uddfb\ud835\ude02\ud835\uddf2 \ud835\uddf1&rsquo;\ud835\ude02\ud835\uddfb\ud835\uddf2 \ud835\uddf0\ud835\uddf2\u0301\ud835\uddff\ud835\uddf2\u0301\ud835\uddfa\ud835\uddfc\ud835\uddfb\ud835\uddf6\ud835\uddf2 \ud835\uddf1\ud835\uddf2 \ud835\uddff\ud835\uddf2\ud835\uddfa\ud835\uddf6\ud835\ude00\ud835\uddf2 \ud835\uddf1&rsquo;\ud835\uddee\ud835\ude01\ud835\ude01\ud835\uddf2\ud835\ude00\ud835\ude01\ud835\uddee\ud835\ude01\ud835\uddf6\ud835\uddfc\ud835\uddfb\ud835\ude00 \ud835\uddfd\ud835\uddfc\ud835\ude02\ud835\uddff \ud835\uddef\ud835\uddfc\ud835\uddfc\ud835\ude00\ud835\ude01\ud835\uddf2\ud835\uddff \ud835\uddf9&rsquo;\ud835\uddf6\ud835\uddfb\ud835\uddf1\ud835\ude02\ud835\ude00\ud835\ude01\ud835\uddff\ud835\uddf6\ud835\uddf2 \ud835\uddfa\ud835\uddf6\ud835\uddfb\ud835\uddf6\ud835\uddf2\u0300\ud835\uddff\ud835\uddf2 \ud835\uddee\ud835\ude02 \ud835\uddfd\ud835\uddff\ud835\uddfc\ud835\uddf3\ud835\uddf6\ud835\ude01 \ud835\uddf1\ud835\uddf2 \ud835\uddf9\ud835\uddee \ud835\uddf7\ud835\uddf2\ud835\ude02\ud835\uddfb\ud835\uddf2\ud835\ude00\ud835\ude00\ud835\uddf2 \ud835\uddf2\ud835\uddfb \ud835\uddfe\ud835\ude02\ud835\uddf2\u0302\ud835\ude01\ud835\uddf2 \ud835\uddf1&rsquo;\ud835\uddf2\ud835\uddfa\ud835\uddfd\ud835\uddf9\ud835\uddfc\ud835\uddf6.\">\ud835\udde5\ud835\uddf2\u0301\ud835\uddf4\ud835\uddf6\ud835\uddfc\ud835\uddfb \ud835\uddf1\ud835\ude02 \ud835\udde1\ud835\uddee\ud835\ude07\ud835\uddf6\ud835\uddfb\ud835\uddfc\ud835\uddfb: \ud835\ude01\ud835\uddf2\ud835\uddfb\ud835\ude02\ud835\uddf2 \ud835\uddf1&rsquo;\ud835\ude02\ud835\uddfb\ud835\uddf2 \ud835\uddf0\ud835\uddf2\u0301\ud835\uddff\ud835\uddf2\u0301\ud835\uddfa\ud835\uddfc\ud835\uddfb\ud835\uddf6\ud835\uddf2 \ud835\uddf1\ud835\uddf2 \ud835\uddff\ud835\uddf2\ud835\uddfa\ud835\uddf6\ud835\ude00\ud835\uddf2 \ud835\uddf1&rsquo;\ud835\uddee\ud835\ude01\ud835\ude01\ud835\uddf2\ud835\ude00\ud835\ude01\ud835\uddee\ud835\ude01\ud835\uddf6\ud835\uddfc\ud835\uddfb\ud835\ude00 \ud835\uddfd\ud835\uddfc\ud835\ude02\ud835\uddff \ud835\uddef\ud835\uddfc\ud835\uddfc\ud835\ude00\ud835\ude01\ud835\uddf2\ud835\uddff \ud835\uddf9&rsquo;\ud835\uddf6\ud835\uddfb\ud835\uddf1\ud835\ude02\ud835\ude00\ud835\ude01\ud835\uddff\ud835\uddf6\ud835\uddf2 \ud835\uddfa\ud835\uddf6\ud835\uddfb\ud835\uddf6\ud835\uddf2\u0300\ud835\uddff\ud835\uddf2 \ud835\uddee\ud835\ude02 \ud835\uddfd\ud835\uddff\ud835\uddfc\ud835\uddf3\ud835\uddf6\ud835\ude01 \ud835\uddf1\ud835\uddf2 \ud835\uddf9\ud835\uddee \ud835\uddf7\ud835\uddf2\ud835\ude02\ud835\uddfb\ud835\uddf2\ud835\ude00\ud835\ude00\ud835\uddf2 \ud835\uddf2\ud835\uddfb \ud835\uddfe\ud835\ude02\ud835\uddf2\u0302\ud835\ude01\ud835\uddf2 \ud835\uddf1&rsquo;\ud835\uddf2\ud835\uddfa\ud835\uddfd\ud835\uddf9\ud835\uddfc\ud835\uddf6.<\/a><\/h2><\/header><div class=\"eael-entry-meta\"><span class=\"eael-posted-on\"><time datetime=\"26 mars 2026\">26 mars 2026<\/time><\/span><\/div><div class=\"eael-entry-content\">\n                        <div class=\"eael-grid-post-excerpt\"><a href=\"https:\/\/portail-regions.gov.bf\/nazinon\/%f0%9d%97%a5%f0%9d%97%b2%f0%9d%97%b4%f0%9d%97%b6%f0%9d%97%bc%f0%9d%97%bb-%f0%9d%97%b1%f0%9d%98%82-%f0%9d%97%a1%f0%9d%97%ae%f0%9d%98%87%f0%9d%97%b6%f0%9d%97%bb%f0%9d%97%bc%f0%9d%97%bb\/\" class=\"eael-post-elements-readmore-btn\">Lire +<\/a><\/div>\n                    <\/div><\/div><\/div>\n        <\/div>\n    <\/article><article class=\"eael-grid-post  eael-post-grid-column eael-pg-post-339 category-non-classe\" data-id=\"339\">\n        <div class=\"eael-grid-post-holder\">\n            <div class=\"eael-grid-post-holder-inner\"><div class=\"eael-entry-media\"><ul class=\"post-carousel-categories\"><li><a href=\"https:\/\/portail-regions.gov.bf\/nazinon\/category\/non-classe\/\">Actualit\u00e9<\/a><\/li><\/ul><div class=\"eael-entry-overlay fade-in\"><i class=\"fas fa-long-arrow-alt-right\" aria-hidden=\"true\"><\/i><a href=\"https:\/\/portail-regions.gov.bf\/nazinon\/region-des-koulse-la-cartographie-des-acteurs-et-des-interventions-en-faveur-de-la-resilience-des-populations-validee\/\"><\/a><\/div><div class=\"eael-entry-thumbnail \">\n                 <img loading=\"lazy\" decoding=\"async\" width=\"300\" height=\"200\" src=\"https:\/\/portail-regions.gov.bf\/nazinon\/wp-content\/uploads\/2025\/11\/soctraco.jpg\" class=\"attachment-medium size-medium wp-image-1480\" alt=\"\" \/>\n             <\/div>\n        <\/div><div class=\"eael-entry-wrapper\"><header class=\"eael-entry-header\"><h2 class=\"eael-entry-title\"><a class=\"eael-grid-post-link\" href=\"https:\/\/portail-regions.gov.bf\/nazinon\/region-des-koulse-la-cartographie-des-acteurs-et-des-interventions-en-faveur-de-la-resilience-des-populations-validee\/\" title=\"Mobilit\u00e9 urbaine \u00e0 Manga : 03 lignes du r\u00e9seau de bus SOTRACO valid\u00e9es\">Mobilit\u00e9 urbaine \u00e0 Manga : 03 lignes du r\u00e9seau de bus SOTRACO valid\u00e9es<\/a><\/h2><\/header><div class=\"eael-entry-meta\"><span class=\"eael-posted-on\"><time datetime=\"24 novembre 2025\">24 novembre 2025<\/time><\/span><\/div><div class=\"eael-entry-content\">\n                        <div class=\"eael-grid-post-excerpt\"><a href=\"https:\/\/portail-regions.gov.bf\/nazinon\/region-des-koulse-la-cartographie-des-acteurs-et-des-interventions-en-faveur-de-la-resilience-des-populations-validee\/\" class=\"eael-post-elements-readmore-btn\">Lire +<\/a><\/div>\n                    <\/div><\/div><\/div>\n        <\/div>\n    <\/article><article class=\"eael-grid-post  eael-post-grid-column eael-pg-post-351 category-non-classe\" data-id=\"351\">\n        <div class=\"eael-grid-post-holder\">\n            <div class=\"eael-grid-post-holder-inner\"><div class=\"eael-entry-media\"><ul class=\"post-carousel-categories\"><li><a href=\"https:\/\/portail-regions.gov.bf\/nazinon\/category\/non-classe\/\">Actualit\u00e9<\/a><\/li><\/ul><div class=\"eael-entry-overlay fade-in\"><i class=\"fas fa-long-arrow-alt-right\" aria-hidden=\"true\"><\/i><a href=\"https:\/\/portail-regions.gov.bf\/nazinon\/burkina-plus-de-320-hectares-de-bas-fonds-rizicoles-amenages-dans-les-zones-reconquises-des-koulse-selon-igor-birba\/\"><\/a><\/div><div class=\"eael-entry-thumbnail \">\n                 <img loading=\"lazy\" decoding=\"async\" width=\"159\" height=\"300\" src=\"https:\/\/portail-regions.gov.bf\/nazinon\/wp-content\/uploads\/2025\/10\/Montee-couleurs.jpg\" class=\"attachment-medium size-medium wp-image-1493\" alt=\"\" \/>\n             <\/div>\n        <\/div><div class=\"eael-entry-wrapper\"><header class=\"eael-entry-header\"><h2 class=\"eael-entry-title\"><a class=\"eael-grid-post-link\" href=\"https:\/\/portail-regions.gov.bf\/nazinon\/burkina-plus-de-320-hectares-de-bas-fonds-rizicoles-amenages-dans-les-zones-reconquises-des-koulse-selon-igor-birba\/\" title=\"Mont\u00e9e tournante des couleurs nationales dans le Nazinon\u00a0: Le Gouverneur lance le mois de l\u2019exemplarit\u00e9 fiscale\">Mont\u00e9e tournante des couleurs nationales dans le Nazinon\u00a0: Le Gouverneur lance le mois de l\u2019exemplarit\u00e9 fiscale<\/a><\/h2><\/header><div class=\"eael-entry-meta\"><span class=\"eael-posted-on\"><time datetime=\"22 octobre 2025\">22 octobre 2025<\/time><\/span><\/div><div class=\"eael-entry-content\">\n                        <div class=\"eael-grid-post-excerpt\"><a href=\"https:\/\/portail-regions.gov.bf\/nazinon\/burkina-plus-de-320-hectares-de-bas-fonds-rizicoles-amenages-dans-les-zones-reconquises-des-koulse-selon-igor-birba\/\" class=\"eael-post-elements-readmore-btn\">Lire +<\/a><\/div>\n                    <\/div><\/div><\/div>\n        <\/div>\n    <\/article><article class=\"eael-grid-post  eael-post-grid-column eael-pg-post-353 category-non-classe\" data-id=\"353\">\n        <div class=\"eael-grid-post-holder\">\n            <div class=\"eael-grid-post-holder-inner\"><div class=\"eael-entry-media\"><ul class=\"post-carousel-categories\"><li><a href=\"https:\/\/portail-regions.gov.bf\/nazinon\/category\/non-classe\/\">Actualit\u00e9<\/a><\/li><\/ul><div class=\"eael-entry-overlay fade-in\"><i class=\"fas fa-long-arrow-alt-right\" aria-hidden=\"true\"><\/i><a href=\"https:\/\/portail-regions.gov.bf\/nazinon\/burkina-la-region-des-kuilse-quitte-officiellement-lairf\/\"><\/a><\/div><div class=\"eael-entry-thumbnail \">\n                 <img loading=\"lazy\" decoding=\"async\" width=\"300\" height=\"200\" src=\"https:\/\/portail-regions.gov.bf\/nazinon\/wp-content\/uploads\/2025\/09\/\ud835\udc00\ud835\udc22\u0308\ud835\udc1d-\ud835\udc04\ud835\udc25-\ud835\udc05\ud835\udc22\ud835\udc2d\ud835\udc2b.jpg\" class=\"attachment-medium size-medium wp-image-1498\" alt=\"\" \/>\n             <\/div>\n        <\/div><div class=\"eael-entry-wrapper\"><header class=\"eael-entry-header\"><h2 class=\"eael-entry-title\"><a class=\"eael-grid-post-link\" href=\"https:\/\/portail-regions.gov.bf\/nazinon\/burkina-la-region-des-kuilse-quitte-officiellement-lairf\/\" title=\"C\u00e9l\u00e9bration de l\u2019Aid El Fitr dans la region du Nazinon : le Gouverneur salue les actions des fid\u00e8les musulmans en faveur de la paix, la s\u00e9curit\u00e9 et la cohesion sociale\">C\u00e9l\u00e9bration de l\u2019Aid El Fitr dans la region du Nazinon : le Gouverneur salue les actions des fid\u00e8les musulmans en faveur de la paix, la s\u00e9curit\u00e9 et la cohesion sociale<\/a><\/h2><\/header><div class=\"eael-entry-meta\"><span class=\"eael-posted-on\"><time datetime=\"25 septembre 2025\">25 septembre 2025<\/time><\/span><\/div><div class=\"eael-entry-content\">\n                        <div class=\"eael-grid-post-excerpt\"><a href=\"https:\/\/portail-regions.gov.bf\/nazinon\/burkina-la-region-des-kuilse-quitte-officiellement-lairf\/\" class=\"eael-post-elements-readmore-btn\">Lire +<\/a><\/div>\n                    <\/div><\/div><\/div>\n        <\/div>\n    <\/article><\/div>\n            <div class=\"clearfix\"><\/div>\n        <\/div>\t\t\t\t<\/div>\n\t\t\t\t\t<\/div>\n\t\t\t\t<\/div>\n\t\t\t\t<\/div>\n\t\t","protected":false},"excerpt":{"rendered":"<p>Actualit\u00e9s Accueil \/ Page Actualit\u00e9 R\u00e9gion des Kouls\u00e9 : La cartographie des acteurs et des interventions en faveur de la r\u00e9silience des populations valid\u00e9e 24 novembre 2025 Lire + Actualit\u00e9 Burkina\u00a0: Plus de 320 hectares de bas-fonds rizicoles am\u00e9nag\u00e9s dans les zones reconquises des Kouls\u00e9, selon Igor Birba 22 octobre 2025 Lire + Actualit\u00e9 Burkina [&hellip;]<\/p>\n","protected":false},"author":1,"featured_media":0,"parent":0,"menu_order":0,"comment_status":"closed","ping_status":"closed","template":"","meta":{"footnotes":""},"class_list":["post-971","page","type-page","status-publish","hentry"],"aioseo_notices":[],"_links":{"self":[{"href":"https:\/\/portail-regions.gov.bf\/nazinon\/wp-json\/wp\/v2\/pages\/971","targetHints":{"allow":["GET"]}}],"collection":[{"href":"https:\/\/portail-regions.gov.bf\/nazinon\/wp-json\/wp\/v2\/pages"}],"about":[{"href":"https:\/\/portail-regions.gov.bf\/nazinon\/wp-json\/wp\/v2\/types\/page"}],"author":[{"embeddable":true,"href":"https:\/\/portail-regions.gov.bf\/nazinon\/wp-json\/wp\/v2\/users\/1"}],"replies":[{"embeddable":true,"href":"https:\/\/portail-regions.gov.bf\/nazinon\/wp-json\/wp\/v2\/comments?post=971"}],"version-history":[{"count":0,"href":"https:\/\/portail-regions.gov.bf\/nazinon\/wp-json\/wp\/v2\/pages\/971\/revisions"}],"wp:attachment":[{"href":"https:\/\/portail-regions.gov.bf\/nazinon\/wp-json\/wp\/v2\/media?parent=971"}],"curies":[{"name":"wp","href":"https:\/\/api.w.org\/{rel}","templated":true}]}}