{"id":971,"date":"2026-02-25T09:17:04","date_gmt":"2026-02-25T09:17:04","guid":{"rendered":"https:\/\/portail-regions.gov.bf\/nakambe\/?page_id=971"},"modified":"2026-02-25T09:46:35","modified_gmt":"2026-02-25T09:46:35","slug":"actualites","status":"publish","type":"page","link":"https:\/\/portail-regions.gov.bf\/nakambe\/actualites\/","title":{"rendered":"Actualit\u00e9s"},"content":{"rendered":"\t\t<div data-elementor-type=\"wp-page\" data-elementor-id=\"971\" class=\"elementor elementor-971\" data-elementor-post-type=\"page\">\n\t\t\t\t<div data-particle_enable=\"false\" data-particle-mobile-disabled=\"false\" class=\"elementor-element elementor-element-7d35d12 e-flex e-con-boxed e-con e-parent\" data-id=\"7d35d12\" data-element_type=\"container\" data-e-type=\"container\" data-settings=\"{&quot;background_background&quot;:&quot;classic&quot;}\">\n\t\t\t\t\t<div class=\"e-con-inner\">\n\t\t\t\t<div class=\"elementor-element elementor-element-ba1a445 elementor-widget elementor-widget-heading\" data-id=\"ba1a445\" data-element_type=\"widget\" data-e-type=\"widget\" data-widget_type=\"heading.default\">\n\t\t\t\t\t<h2 class=\"elementor-heading-title elementor-size-default\">Actualit\u00e9s<\/h2>\t\t\t\t<\/div>\n\t\t\t\t<div class=\"elementor-element elementor-element-8bbb0ca elementor-widget elementor-widget-eael-breadcrumbs\" data-id=\"8bbb0ca\" data-element_type=\"widget\" data-e-type=\"widget\" data-widget_type=\"eael-breadcrumbs.default\">\n\t\t\t\t<div class=\"elementor-widget-container\">\n\t\t\t\t\t\t\t<div class=\"eael-breadcrumbs\">\n\t\t\t<div class=\"eael-breadcrumbs__content\"><a href=\"https:\/\/portail-regions.gov.bf\/nakambe\">Accueil<\/a> <span class=\"eael-breadcrumb-separator\">\/<\/span> <span class = \"eael-current\">Page<\/span><\/div>\t\t<\/div>\n\t\t\t\t\t\t<\/div>\n\t\t\t\t<\/div>\n\t\t\t\t\t<\/div>\n\t\t\t\t<\/div>\n\t\t<div data-particle_enable=\"false\" data-particle-mobile-disabled=\"false\" class=\"elementor-element elementor-element-9870239 e-flex e-con-boxed e-con e-parent\" data-id=\"9870239\" data-element_type=\"container\" data-e-type=\"container\">\n\t\t\t\t\t<div class=\"e-con-inner\">\n\t\t\t\t<div class=\"elementor-element elementor-element-c72b4ac elementor-grid-laptop-eael-col-4 elementor-grid-tablet_extra-eael-col-3 elementor-grid-eael-col-4 elementor-grid-tablet-eael-col-2 elementor-grid-mobile-eael-col-1 elementor-widget elementor-widget-eael-post-grid\" data-id=\"c72b4ac\" data-element_type=\"widget\" data-e-type=\"widget\" data-settings=\"{&quot;eael_post_grid_columns_laptop&quot;:&quot;eael-col-4&quot;,&quot;eael_post_grid_columns_tablet_extra&quot;:&quot;eael-col-3&quot;,&quot;eael_post_grid_columns&quot;:&quot;eael-col-4&quot;,&quot;eael_post_grid_columns_tablet&quot;:&quot;eael-col-2&quot;,&quot;eael_post_grid_columns_mobile&quot;:&quot;eael-col-1&quot;}\" data-widget_type=\"eael-post-grid.default\">\n\t\t\t\t\t<div id=\"eael-post-grid-c72b4ac\" class=\"eael-post-grid-container\">\n            <div class=\"eael-post-grid eael-post-appender eael-post-appender-c72b4ac eael-post-grid-style-three\" data-layout-mode=\"masonry\"><article class=\"eael-grid-post  eael-post-grid-column eael-pg-post-1384 category-non-classe\" data-id=\"1384\">\n        <div class=\"eael-grid-post-holder\">\n            <div class=\"eael-grid-post-holder-inner\"><div class=\"eael-entry-media\"><ul class=\"post-carousel-categories\"><li><a href=\"https:\/\/portail-regions.gov.bf\/nakambe\/category\/non-classe\/\">Actualit\u00e9<\/a><\/li><\/ul><div class=\"eael-entry-overlay fade-in\"><i class=\"fas fa-long-arrow-alt-right\" aria-hidden=\"true\"><\/i><a href=\"https:\/\/portail-regions.gov.bf\/nakambe\/lancement-du-mois-de-lexemplarite-fiscale-dans-la-region-du-nakambe\/\"><\/a><\/div><div class=\"eael-entry-thumbnail \">\n                 <img fetchpriority=\"high\" decoding=\"async\" width=\"300\" height=\"225\" src=\"https:\/\/portail-regions.gov.bf\/nakambe\/wp-content\/uploads\/2026\/04\/DSCF6951-1-300x225.jpg\" class=\"attachment-medium size-medium wp-image-1388\" alt=\"\" srcset=\"https:\/\/portail-regions.gov.bf\/nakambe\/wp-content\/uploads\/2026\/04\/DSCF6951-1-300x225.jpg 300w, https:\/\/portail-regions.gov.bf\/nakambe\/wp-content\/uploads\/2026\/04\/DSCF6951-1-1024x768.jpg 1024w, https:\/\/portail-regions.gov.bf\/nakambe\/wp-content\/uploads\/2026\/04\/DSCF6951-1-768x576.jpg 768w, https:\/\/portail-regions.gov.bf\/nakambe\/wp-content\/uploads\/2026\/04\/DSCF6951-1-1536x1152.jpg 1536w, https:\/\/portail-regions.gov.bf\/nakambe\/wp-content\/uploads\/2026\/04\/DSCF6951-1-2048x1536.jpg 2048w\" sizes=\"(max-width: 300px) 100vw, 300px\" \/>\n             <\/div>\n        <\/div><div class=\"eael-entry-wrapper\"><header class=\"eael-entry-header\"><h2 class=\"eael-entry-title\"><a class=\"eael-grid-post-link\" href=\"https:\/\/portail-regions.gov.bf\/nakambe\/lancement-du-mois-de-lexemplarite-fiscale-dans-la-region-du-nakambe\/\" title=\"Lancement du mois de l\u2019exemplarit\u00e9 fiscale dans la r\u00e9gion du Nakamb\u00e9.\">Lancement du mois de l\u2019exemplarit\u00e9 fiscale dans la r\u00e9gion du Nakamb\u00e9.<\/a><\/h2><\/header><div class=\"eael-entry-meta\"><span class=\"eael-posted-on\"><time datetime=\"1 avril 2026\">1 avril 2026<\/time><\/span><\/div><div class=\"eael-entry-content\">\n                        <div class=\"eael-grid-post-excerpt\"><a href=\"https:\/\/portail-regions.gov.bf\/nakambe\/lancement-du-mois-de-lexemplarite-fiscale-dans-la-region-du-nakambe\/\" class=\"eael-post-elements-readmore-btn\">Lire +<\/a><\/div>\n                    <\/div><\/div><\/div>\n        <\/div>\n    <\/article><article class=\"eael-grid-post  eael-post-grid-column eael-pg-post-1372 category-non-classe\" data-id=\"1372\">\n        <div class=\"eael-grid-post-holder\">\n            <div class=\"eael-grid-post-holder-inner\"><div class=\"eael-entry-media\"><ul class=\"post-carousel-categories\"><li><a href=\"https:\/\/portail-regions.gov.bf\/nakambe\/category\/non-classe\/\">Actualit\u00e9<\/a><\/li><\/ul><div class=\"eael-entry-overlay fade-in\"><i class=\"fas fa-long-arrow-alt-right\" aria-hidden=\"true\"><\/i><a href=\"https:\/\/portail-regions.gov.bf\/nakambe\/nakambe-lancement-officiel-des-journees-nationales-dengagement-patriotique-2026-sous-le-signe-du-consommer-local\/\"><\/a><\/div><div class=\"eael-entry-thumbnail \">\n                 <img decoding=\"async\" width=\"300\" height=\"130\" src=\"https:\/\/portail-regions.gov.bf\/nakambe\/wp-content\/uploads\/2026\/04\/Mont-300x130.jpeg\" class=\"attachment-medium size-medium wp-image-1375\" alt=\"\" srcset=\"https:\/\/portail-regions.gov.bf\/nakambe\/wp-content\/uploads\/2026\/04\/Mont-300x130.jpeg 300w, https:\/\/portail-regions.gov.bf\/nakambe\/wp-content\/uploads\/2026\/04\/Mont-1024x445.jpeg 1024w, https:\/\/portail-regions.gov.bf\/nakambe\/wp-content\/uploads\/2026\/04\/Mont-768x334.jpeg 768w, https:\/\/portail-regions.gov.bf\/nakambe\/wp-content\/uploads\/2026\/04\/Mont.jpeg 1033w\" sizes=\"(max-width: 300px) 100vw, 300px\" \/>\n             <\/div>\n        <\/div><div class=\"eael-entry-wrapper\"><header class=\"eael-entry-header\"><h2 class=\"eael-entry-title\"><a class=\"eael-grid-post-link\" href=\"https:\/\/portail-regions.gov.bf\/nakambe\/nakambe-lancement-officiel-des-journees-nationales-dengagement-patriotique-2026-sous-le-signe-du-consommer-local\/\" title=\"Nakamb\u00e9 : lancement officiel des Journ\u00e9es Nationales d\u2019Engagement Patriotique 2026 sous le signe du consommer local.\">Nakamb\u00e9 : lancement officiel des Journ\u00e9es Nationales d\u2019Engagement Patriotique 2026 sous le signe du consommer local.<\/a><\/h2><\/header><div class=\"eael-entry-meta\"><span class=\"eael-posted-on\"><time datetime=\"1 avril 2026\">1 avril 2026<\/time><\/span><\/div><div class=\"eael-entry-content\">\n                        <div class=\"eael-grid-post-excerpt\"><a href=\"https:\/\/portail-regions.gov.bf\/nakambe\/nakambe-lancement-officiel-des-journees-nationales-dengagement-patriotique-2026-sous-le-signe-du-consommer-local\/\" class=\"eael-post-elements-readmore-btn\">Lire +<\/a><\/div>\n                    <\/div><\/div><\/div>\n        <\/div>\n    <\/article><article class=\"eael-grid-post  eael-post-grid-column eael-pg-post-1366 category-non-classe\" data-id=\"1366\">\n        <div class=\"eael-grid-post-holder\">\n            <div class=\"eael-grid-post-holder-inner\"><div class=\"eael-entry-media\"><ul class=\"post-carousel-categories\"><li><a href=\"https:\/\/portail-regions.gov.bf\/nakambe\/category\/non-classe\/\">Actualit\u00e9<\/a><\/li><\/ul><div class=\"eael-entry-overlay fade-in\"><i class=\"fas fa-long-arrow-alt-right\" aria-hidden=\"true\"><\/i><a href=\"https:\/\/portail-regions.gov.bf\/nakambe\/tenkodogo-lancement-officiel-dun-projet-de-relevement-precoce-au-profit-des-populations-vulnerables\/\"><\/a><\/div><div class=\"eael-entry-thumbnail \">\n                 <img decoding=\"async\" width=\"300\" height=\"169\" src=\"https:\/\/portail-regions.gov.bf\/nakambe\/wp-content\/uploads\/2026\/04\/Projet-relevement-Lancement-2-300x169.jpeg\" class=\"attachment-medium size-medium wp-image-1369\" alt=\"\" srcset=\"https:\/\/portail-regions.gov.bf\/nakambe\/wp-content\/uploads\/2026\/04\/Projet-relevement-Lancement-2-300x169.jpeg 300w, https:\/\/portail-regions.gov.bf\/nakambe\/wp-content\/uploads\/2026\/04\/Projet-relevement-Lancement-2-1024x577.jpeg 1024w, https:\/\/portail-regions.gov.bf\/nakambe\/wp-content\/uploads\/2026\/04\/Projet-relevement-Lancement-2-768x433.jpeg 768w, https:\/\/portail-regions.gov.bf\/nakambe\/wp-content\/uploads\/2026\/04\/Projet-relevement-Lancement-2.jpeg 1197w\" sizes=\"(max-width: 300px) 100vw, 300px\" \/>\n             <\/div>\n        <\/div><div class=\"eael-entry-wrapper\"><header class=\"eael-entry-header\"><h2 class=\"eael-entry-title\"><a class=\"eael-grid-post-link\" href=\"https:\/\/portail-regions.gov.bf\/nakambe\/tenkodogo-lancement-officiel-dun-projet-de-relevement-precoce-au-profit-des-populations-vulnerables\/\" title=\"Tenkodogo : lancement officiel d\u2019un projet de rel\u00e8vement pr\u00e9coce au profit des populations vuln\u00e9rables.\">Tenkodogo : lancement officiel d\u2019un projet de rel\u00e8vement pr\u00e9coce au profit des populations vuln\u00e9rables.<\/a><\/h2><\/header><div class=\"eael-entry-meta\"><span class=\"eael-posted-on\"><time datetime=\"1 avril 2026\">1 avril 2026<\/time><\/span><\/div><div class=\"eael-entry-content\">\n                        <div class=\"eael-grid-post-excerpt\"><a href=\"https:\/\/portail-regions.gov.bf\/nakambe\/tenkodogo-lancement-officiel-dun-projet-de-relevement-precoce-au-profit-des-populations-vulnerables\/\" class=\"eael-post-elements-readmore-btn\">Lire +<\/a><\/div>\n                    <\/div><\/div><\/div>\n        <\/div>\n    <\/article><article class=\"eael-grid-post  eael-post-grid-column eael-pg-post-1360 category-non-classe\" data-id=\"1360\">\n        <div class=\"eael-grid-post-holder\">\n            <div class=\"eael-grid-post-holder-inner\"><div class=\"eael-entry-media\"><ul class=\"post-carousel-categories\"><li><a href=\"https:\/\/portail-regions.gov.bf\/nakambe\/category\/non-classe\/\">Actualit\u00e9<\/a><\/li><\/ul><div class=\"eael-entry-overlay fade-in\"><i class=\"fas fa-long-arrow-alt-right\" aria-hidden=\"true\"><\/i><a href=\"https:\/\/portail-regions.gov.bf\/nakambe\/inauguration-de-lecole-primaire-de-pagou-commune-de-garango-un-nouvel-espoir-pour-leducation-dans-la-region-du-nakambe\/\"><\/a><\/div><div class=\"eael-entry-thumbnail \">\n                 <img loading=\"lazy\" decoding=\"async\" width=\"300\" height=\"225\" src=\"https:\/\/portail-regions.gov.bf\/nakambe\/wp-content\/uploads\/2026\/04\/P-17-300x225.jpeg\" class=\"attachment-medium size-medium wp-image-1361\" alt=\"\" srcset=\"https:\/\/portail-regions.gov.bf\/nakambe\/wp-content\/uploads\/2026\/04\/P-17-300x225.jpeg 300w, https:\/\/portail-regions.gov.bf\/nakambe\/wp-content\/uploads\/2026\/04\/P-17-1024x768.jpeg 1024w, https:\/\/portail-regions.gov.bf\/nakambe\/wp-content\/uploads\/2026\/04\/P-17-768x576.jpeg 768w, https:\/\/portail-regions.gov.bf\/nakambe\/wp-content\/uploads\/2026\/04\/P-17.jpeg 1280w\" sizes=\"(max-width: 300px) 100vw, 300px\" \/>\n             <\/div>\n        <\/div><div class=\"eael-entry-wrapper\"><header class=\"eael-entry-header\"><h2 class=\"eael-entry-title\"><a class=\"eael-grid-post-link\" href=\"https:\/\/portail-regions.gov.bf\/nakambe\/inauguration-de-lecole-primaire-de-pagou-commune-de-garango-un-nouvel-espoir-pour-leducation-dans-la-region-du-nakambe\/\" title=\"Inauguration de l\u2019\u00e9cole primaire de Pagou, commune de Garango : un nouvel espoir pour l\u2019\u00e9ducation dans la r\u00e9gion du Nakamb\u00e9.\">Inauguration de l\u2019\u00e9cole primaire de Pagou, commune de Garango : un nouvel espoir pour l\u2019\u00e9ducation dans la r\u00e9gion du Nakamb\u00e9.<\/a><\/h2><\/header><div class=\"eael-entry-meta\"><span class=\"eael-posted-on\"><time datetime=\"1 avril 2026\">1 avril 2026<\/time><\/span><\/div><div class=\"eael-entry-content\">\n                        <div class=\"eael-grid-post-excerpt\"><a href=\"https:\/\/portail-regions.gov.bf\/nakambe\/inauguration-de-lecole-primaire-de-pagou-commune-de-garango-un-nouvel-espoir-pour-leducation-dans-la-region-du-nakambe\/\" class=\"eael-post-elements-readmore-btn\">Lire +<\/a><\/div>\n                    <\/div><\/div><\/div>\n        <\/div>\n    <\/article><\/div>\n            <div class=\"clearfix\"><\/div>\n        <\/div>\t\t\t\t<\/div>\n\t\t\t\t\t<\/div>\n\t\t\t\t<\/div>\n\t\t\t\t<\/div>\n\t\t","protected":false},"excerpt":{"rendered":"<p>Actualit\u00e9s Accueil \/ Page Actualit\u00e9 R\u00e9gion des Kouls\u00e9 : La cartographie des acteurs et des interventions en faveur de la r\u00e9silience des populations valid\u00e9e 24 novembre 2025 Lire + Actualit\u00e9 Burkina\u00a0: Plus de 320 hectares de bas-fonds rizicoles am\u00e9nag\u00e9s dans les zones reconquises des Kouls\u00e9, selon Igor Birba 22 octobre 2025 Lire + Actualit\u00e9 Burkina [&hellip;]<\/p>\n","protected":false},"author":1,"featured_media":0,"parent":0,"menu_order":0,"comment_status":"closed","ping_status":"closed","template":"","meta":{"footnotes":""},"class_list":["post-971","page","type-page","status-publish","hentry"],"aioseo_notices":[],"_links":{"self":[{"href":"https:\/\/portail-regions.gov.bf\/nakambe\/wp-json\/wp\/v2\/pages\/971","targetHints":{"allow":["GET"]}}],"collection":[{"href":"https:\/\/portail-regions.gov.bf\/nakambe\/wp-json\/wp\/v2\/pages"}],"about":[{"href":"https:\/\/portail-regions.gov.bf\/nakambe\/wp-json\/wp\/v2\/types\/page"}],"author":[{"embeddable":true,"href":"https:\/\/portail-regions.gov.bf\/nakambe\/wp-json\/wp\/v2\/users\/1"}],"replies":[{"embeddable":true,"href":"https:\/\/portail-regions.gov.bf\/nakambe\/wp-json\/wp\/v2\/comments?post=971"}],"version-history":[{"count":0,"href":"https:\/\/portail-regions.gov.bf\/nakambe\/wp-json\/wp\/v2\/pages\/971\/revisions"}],"wp:attachment":[{"href":"https:\/\/portail-regions.gov.bf\/nakambe\/wp-json\/wp\/v2\/media?parent=971"}],"curies":[{"name":"wp","href":"https:\/\/api.w.org\/{rel}","templated":true}]}}